{"id":3183,"date":"2022-10-11T12:43:41","date_gmt":"2022-10-11T12:43:41","guid":{"rendered":"https:\/\/shop.garagestyger.ch\/?post_type=product&#038;p=3183"},"modified":"2022-10-11T12:43:41","modified_gmt":"2022-10-11T12:43:41","slug":"wattstunde-solartasche-sunfolder-200w-hv","status":"publish","type":"product","link":"https:\/\/shop.garagestyger.ch\/?product=wattstunde-solartasche-sunfolder-200w-hv","title":{"rendered":"Wattstunde Solartasche, SunFolder, 200W-HV"},"content":{"rendered":"<h2>Beschreibung<\/h2>\n<p>Die WATTSTUNDE\u00ae SunFolder Solartasche ist dank des innovativen Designs sehr leicht, absolut platzsparend und bietet dadurch einem hohen Ma\u00df an Flexibilit\u00e4t und Einsetzbarkeit. Die Solartasche punktet durch die M\u00f6glichkeit jederzeit frei ausrichtbar zu sein. Ob hinter der Windschutzscheibe bei Parkbetrieb oder einfach im Freien, Sie k\u00f6nnen die Solartasche beliebig dorthin platzieren wo die Sonne scheint. Zudem haben Sie damit die Garantie eine hohe Energieausbeute durch die SunPower Back-Contact Solarzellen zu gewinnen. Dank des strapazierf\u00e4higen und wasserabweisenden Cordura Gewebes kann die Tasche auch bei Regen eingesetzt werden.<\/p>\n<p>Das robuste Cordura-Gewebe macht den SunFolder f\u00fcr den Au\u00dfeneinsatz zu einem perfekten Begleiter \u2013 nichtsdestotrotz sollte wie beim Umgang mit jedem technischen Ger\u00e4t darauf geachtet werden, dass keinerlei Feuchtigkeit oder Wasser an empfindliche Stellen gelangen kann. Wir empfehlen den SunFolder nicht \u00fcber Nacht drau\u00dfen stehenzulassen. (Es handelt sich hierbei um ein Elektro Ger\u00e4t zur Nutzung von Sonnen Energie \u2013 das hei\u00dft Dunst und Regen vertr\u00e4gt er nicht.)<\/p>\n<p>Die SunFolder Solartasche von WATTSTUNDE\u00ae verf\u00fcgt \u00fcber ein 5m langes Anschlusskabel, das am Ende mit einem Anderson Stecksystem versehen ist. Dank des praktischen Stecksystems kann der Anschluss dauerhaft am Laderegler h\u00e4ngen und bei Bedarf wird die Solartasche rausgeholt, in die Sonne geh\u00e4ngt oder gestellt, und man steckt einfach die beiden Anderson-Stecker zusammen und schon ist der SunFolder mit dem Laderegler verbunden. Schneller und praktischer geht es kaum.<\/p>\n<p>Lieferumfang:<\/p>\n<ul>\n<li>SunFolder 200W mit 5m Anschlusskabel<\/li>\n<li>Anderson-Stecker mit Anschlusskabel<\/li>\n<\/ul>\n<p>&nbsp;<\/p>\n<table width=\"600\">\n<tbody>\n<tr>\n<td width=\"300\">Oberfl\u00e4che<\/td>\n<td width=\"300\">Struktukriertes ETFE<\/td>\n<\/tr>\n<tr>\n<td width=\"300\">max. Tagesertrag (Sommer)<\/td>\n<td width=\"300\">1200Wh\/d<\/td>\n<\/tr>\n<tr>\n<td width=\"300\">Zelltyp<\/td>\n<td width=\"300\">Sunpower<\/td>\n<\/tr>\n<tr>\n<td width=\"300\">Nennleistung Pmpp<\/td>\n<td width=\"300\">200W<\/td>\n<\/tr>\n<tr>\n<td width=\"300\">Leerlaufspannung Voc<\/td>\n<td width=\"300\">39.4V<\/td>\n<\/tr>\n<tr>\n<td width=\"300\">Maximal-Leistung Vmpp<\/td>\n<td width=\"300\">33.5V<\/td>\n<\/tr>\n<tr>\n<td width=\"300\">Maximal-Leistung Impp<\/td>\n<td width=\"300\">5.97A<\/td>\n<\/tr>\n<tr>\n<td width=\"300\">Kurzschlussstrom Isc<\/td>\n<td width=\"300\">6.33A<\/td>\n<\/tr>\n<tr>\n<td width=\"300\">Anschlusskabel<\/td>\n<td width=\"300\">Ja 5m mit Anderson Stecker<\/td>\n<\/tr>\n<tr>\n<td width=\"300\">LxBxH geschlossen<br \/>\nge\u00f6ffnet<\/td>\n<td width=\"300\">440x820x22.5mm<br \/>\n1340x820x7.5mm<\/td>\n<\/tr>\n<tr>\n<td width=\"300\">Gewicht<\/td>\n<td width=\"300\">6.8kg<\/td>\n<\/tr>\n<\/tbody>\n<\/table>\n","protected":false},"excerpt":{"rendered":"<p>Beschreibung Die WATTSTUNDE\u00ae SunFolder Solartasche ist dank des innovativen Designs sehr leicht, absolut platzsparend und bietet dadurch einem hohen Ma\u00df an Flexibilit\u00e4t und Einsetzbarkeit. Die Solartasche punktet durch die M\u00f6glichkeit jederzeit frei ausrichtbar zu sein. Ob hinter der Windschutzscheibe bei Parkbetrieb oder einfach im Freien, Sie k\u00f6nnen die Solartasche beliebig dorthin platzieren wo die Sonne [&hellip;]<\/p>\n","protected":false},"featured_media":3184,"comment_status":"open","ping_status":"closed","template":"","meta":[],"product_cat":[862,15,30,400],"product_tag":[874,910,855,908],"_links":{"self":[{"href":"https:\/\/shop.garagestyger.ch\/index.php?rest_route=\/wp\/v2\/product\/3183"}],"collection":[{"href":"https:\/\/shop.garagestyger.ch\/index.php?rest_route=\/wp\/v2\/product"}],"about":[{"href":"https:\/\/shop.garagestyger.ch\/index.php?rest_route=\/wp\/v2\/types\/product"}],"replies":[{"embeddable":true,"href":"https:\/\/shop.garagestyger.ch\/index.php?rest_route=%2Fwp%2Fv2%2Fcomments&post=3183"}],"wp:featuredmedia":[{"embeddable":true,"href":"https:\/\/shop.garagestyger.ch\/index.php?rest_route=\/wp\/v2\/media\/3184"}],"wp:attachment":[{"href":"https:\/\/shop.garagestyger.ch\/index.php?rest_route=%2Fwp%2Fv2%2Fmedia&parent=3183"}],"wp:term":[{"taxonomy":"product_cat","embeddable":true,"href":"https:\/\/shop.garagestyger.ch\/index.php?rest_route=%2Fwp%2Fv2%2Fproduct_cat&post=3183"},{"taxonomy":"product_tag","embeddable":true,"href":"https:\/\/shop.garagestyger.ch\/index.php?rest_route=%2Fwp%2Fv2%2Fproduct_tag&post=3183"}],"curies":[{"name":"wp","href":"https:\/\/api.w.org\/{rel}","templated":true}]}}