{"id":3123,"date":"2022-09-08T04:57:47","date_gmt":"2022-09-08T04:57:47","guid":{"rendered":"https:\/\/shop.garagestyger.ch\/?post_type=product&#038;p=3123"},"modified":"2022-09-08T04:57:48","modified_gmt":"2022-09-08T04:57:48","slug":"flaschenoeffner-fuer-dachtraeger-von-front-runner","status":"publish","type":"product","link":"https:\/\/shop.garagestyger.ch\/?product=flaschenoeffner-fuer-dachtraeger-von-front-runner","title":{"rendered":"FLASCHEN\u00d6FFNER F\u00dcR DACHTR\u00c4GER &#8211; VON FRONT RUNNER"},"content":{"rendered":"<p>Nie wieder ohne Flaschen\u00f6ffner in der Wildnis unterwegs sein: Dieser Flaschen\u00f6ffner l\u00e4sst sich seitlich an einem Front Runner Dachtr\u00e4ger befestigen. \u00dcberall, wo du hinf\u00e4hrst, ist also automatisch Dein Flaschen\u00f6ffner dabei.<\/p>\n<ul>\n<li>Durch einfache Montage am Dachtr\u00e4ger wird Dein Fahrzeug im Handumdrehen zur Hilfe beim \u00d6ffnen von Flaschen.<\/li>\n<li>Die schwarze Pulverbeschichtung des Edelstahls verhindert Korrosion.<\/li>\n<li>Der Flaschen\u00f6ffner kann links oder rechts an Deinem Front Runner Slimsport Dachtr\u00e4ger installiert werden, indem der \u00d6ffner in eine beliebige Leiste geschoben und die Schraube festgezogen wird.<\/li>\n<li>Der Flaschen\u00f6ffner kann \u00fcberall seitlich an Deinem Front Runner Slimline II Dachtr\u00e4ger installiert werden, indem der \u00d6ffner in eine beliebige Leiste geschoben und die Schraube festgezogen wird.<\/li>\n<\/ul>\n","protected":false},"excerpt":{"rendered":"<p>Nie wieder ohne Flaschen\u00f6ffner in der Wildnis unterwegs sein: Dieser Flaschen\u00f6ffner l\u00e4sst sich seitlich an einem Front Runner Dachtr\u00e4ger befestigen. \u00dcberall, wo du hinf\u00e4hrst, ist also automatisch Dein Flaschen\u00f6ffner dabei. Durch einfache Montage am Dachtr\u00e4ger wird Dein Fahrzeug im Handumdrehen zur Hilfe beim \u00d6ffnen von Flaschen. Die schwarze Pulverbeschichtung des Edelstahls verhindert Korrosion. Der Flaschen\u00f6ffner [&hellip;]<\/p>\n","protected":false},"featured_media":3124,"comment_status":"open","ping_status":"closed","template":"","meta":[],"product_cat":[15,19,30],"product_tag":[],"_links":{"self":[{"href":"https:\/\/shop.garagestyger.ch\/index.php?rest_route=\/wp\/v2\/product\/3123"}],"collection":[{"href":"https:\/\/shop.garagestyger.ch\/index.php?rest_route=\/wp\/v2\/product"}],"about":[{"href":"https:\/\/shop.garagestyger.ch\/index.php?rest_route=\/wp\/v2\/types\/product"}],"replies":[{"embeddable":true,"href":"https:\/\/shop.garagestyger.ch\/index.php?rest_route=%2Fwp%2Fv2%2Fcomments&post=3123"}],"wp:featuredmedia":[{"embeddable":true,"href":"https:\/\/shop.garagestyger.ch\/index.php?rest_route=\/wp\/v2\/media\/3124"}],"wp:attachment":[{"href":"https:\/\/shop.garagestyger.ch\/index.php?rest_route=%2Fwp%2Fv2%2Fmedia&parent=3123"}],"wp:term":[{"taxonomy":"product_cat","embeddable":true,"href":"https:\/\/shop.garagestyger.ch\/index.php?rest_route=%2Fwp%2Fv2%2Fproduct_cat&post=3123"},{"taxonomy":"product_tag","embeddable":true,"href":"https:\/\/shop.garagestyger.ch\/index.php?rest_route=%2Fwp%2Fv2%2Fproduct_tag&post=3123"}],"curies":[{"name":"wp","href":"https:\/\/api.w.org\/{rel}","templated":true}]}}