{"id":3102,"date":"2022-09-06T14:14:12","date_gmt":"2022-09-06T14:14:12","guid":{"rendered":"https:\/\/shop.garagestyger.ch\/?post_type=product&#038;p=3102"},"modified":"2022-09-06T14:14:12","modified_gmt":"2022-09-06T14:14:12","slug":"bbq-grill-feuerstelle-von-front-runner","status":"publish","type":"product","link":"https:\/\/shop.garagestyger.ch\/?product=bbq-grill-feuerstelle-von-front-runner","title":{"rendered":"BBQ Grill \/ Feuerstelle von Front Runner"},"content":{"rendered":"<p>Die Essenszubereitung im Camp ist jetzt noch einfach mit diesem BBQ Grill \/ Feuerstelle, der sich einfach verstauen l\u00e4sst. Die Flamme wird \u00fcber dem Boden gehalten, um ein sicheres Grillen zu gew\u00e4hrleisten. Kann ganz einfach im Wolf Pack oder Wolf Pack Pro* verstaut werden.<\/p>\n<p>&nbsp;<\/p>\n<ul>\n<li>Der BBQ-Grill \/ Feuerstelle kann mit einer Dicke von 1,5 Zoll \/ 38 mm flach verpackt werden kann.<\/li>\n<li>Verf\u00fcgt \u00fcber eine gro\u00dfe Grillfl\u00e4che.<\/li>\n<li>Stabiler Boden f\u00fcr sicheres Grillen.<\/li>\n<li>Schneller und einfacher Aufbau in nur 30 Sekunden.<\/li>\n<li>Die Seiten des Grills dienen als Windschutz.<\/li>\n<li>Sch\u00fctzt Dein Feuer und h\u00e4lt es hoch \u00fcber dem Boden.<\/li>\n<li>Hergestellt aus langlebigem 3CR12 korrosionsbest\u00e4ndigem Stahl.<\/li>\n<li>Wird mit Werkzeug zum Anheben des Grills geliefert.<\/li>\n<li>Kann in\u00a0<a href=\"https:\/\/www.frontrunneroutfitters.com\/de\/de\/wolf-pack-pro.html\">Wolf Pack Pro &#8211; von Front Runner<\/a>\u00a0oder\u00a0<a href=\"https:\/\/www.frontrunneroutfitters.com\/de\/de\/front-runner-wolf-pack.html\">Wolf Pack &#8211; von Front Runner<\/a>* verstaut werden.<\/li>\n<\/ul>\n<p>&nbsp;<\/p>\n<p>&nbsp;<\/p>\n<p>*HINWEIS: Wolf Pack Pro oder Wolf Pack sind separat erh\u00e4ltlich.<\/p>\n","protected":false},"excerpt":{"rendered":"<p>Die Essenszubereitung im Camp ist jetzt noch einfach mit diesem BBQ Grill \/ Feuerstelle, der sich einfach verstauen l\u00e4sst. Die Flamme wird \u00fcber dem Boden gehalten, um ein sicheres Grillen zu gew\u00e4hrleisten. Kann ganz einfach im Wolf Pack oder Wolf Pack Pro* verstaut werden. &nbsp; Der BBQ-Grill \/ Feuerstelle kann mit einer Dicke von 1,5 [&hellip;]<\/p>\n","protected":false},"featured_media":3103,"comment_status":"open","ping_status":"closed","template":"","meta":[],"product_cat":[404,15,19,30,400],"product_tag":[900,901,902,903],"_links":{"self":[{"href":"https:\/\/shop.garagestyger.ch\/index.php?rest_route=\/wp\/v2\/product\/3102"}],"collection":[{"href":"https:\/\/shop.garagestyger.ch\/index.php?rest_route=\/wp\/v2\/product"}],"about":[{"href":"https:\/\/shop.garagestyger.ch\/index.php?rest_route=\/wp\/v2\/types\/product"}],"replies":[{"embeddable":true,"href":"https:\/\/shop.garagestyger.ch\/index.php?rest_route=%2Fwp%2Fv2%2Fcomments&post=3102"}],"wp:featuredmedia":[{"embeddable":true,"href":"https:\/\/shop.garagestyger.ch\/index.php?rest_route=\/wp\/v2\/media\/3103"}],"wp:attachment":[{"href":"https:\/\/shop.garagestyger.ch\/index.php?rest_route=%2Fwp%2Fv2%2Fmedia&parent=3102"}],"wp:term":[{"taxonomy":"product_cat","embeddable":true,"href":"https:\/\/shop.garagestyger.ch\/index.php?rest_route=%2Fwp%2Fv2%2Fproduct_cat&post=3102"},{"taxonomy":"product_tag","embeddable":true,"href":"https:\/\/shop.garagestyger.ch\/index.php?rest_route=%2Fwp%2Fv2%2Fproduct_tag&post=3102"}],"curies":[{"name":"wp","href":"https:\/\/api.w.org\/{rel}","templated":true}]}}