{"id":3080,"date":"2022-09-06T13:51:04","date_gmt":"2022-09-06T13:51:04","guid":{"rendered":"https:\/\/shop.garagestyger.ch\/?post_type=product&#038;p=3080"},"modified":"2022-09-06T13:51:04","modified_gmt":"2022-09-06T13:51:04","slug":"schlauch-set-fuer-wasserhahnerweiterungshalterung-von-front-runner","status":"publish","type":"product","link":"https:\/\/shop.garagestyger.ch\/?product=schlauch-set-fuer-wasserhahnerweiterungshalterung-von-front-runner","title":{"rendered":"Schlauch-Set f\u00fcr Wasserhahnerweiterungshalterung von Front Runner"},"content":{"rendered":"<p>Verl\u00e4ngerndes Schlauch-Set, um den Hahn Deines Wassertanks zu erweitern. F\u00fcr einen m\u00fchelosen Wasserfluss w\u00e4hrend Deines Abenteuers.<\/p>\n<p>&nbsp;<\/p>\n<ul>\n<li>Zur Verwendung mit\u00a0<a href=\"https:\/\/www.frontrunneroutfitters.com\/de\/de\/tap-extension-bracket.html\">Wasserhahnerweiterung inkl. Halterung &#8211; von Front Runner<\/a>.<\/li>\n<li>Erm\u00f6glicht es Dir, den Wasserhahn Deines Wassertanks vom Fahrzeug weg auszuziehen, sodass das Ausgie\u00dfen des gelagerten Wassers bei jedem Abenteuer m\u00fchelos m\u00f6glich ist.<\/li>\n<li>Ausschwenkbar mit\u00a0<a href=\"https:\/\/www.frontrunneroutfitters.com\/de\/de\/tap-extension-bracket.html\">Wasserhahnerweiterung inkl. Halterung &#8211; von Front Runner<\/a>.<\/li>\n<li>Enth\u00e4lt 1,5 m durchsichtigen Schlauch und Installationszubeh\u00f6r.<\/li>\n<\/ul>\n","protected":false},"excerpt":{"rendered":"<p>Verl\u00e4ngerndes Schlauch-Set, um den Hahn Deines Wassertanks zu erweitern. F\u00fcr einen m\u00fchelosen Wasserfluss w\u00e4hrend Deines Abenteuers. &nbsp; Zur Verwendung mit\u00a0Wasserhahnerweiterung inkl. Halterung &#8211; von Front Runner. Erm\u00f6glicht es Dir, den Wasserhahn Deines Wassertanks vom Fahrzeug weg auszuziehen, sodass das Ausgie\u00dfen des gelagerten Wassers bei jedem Abenteuer m\u00fchelos m\u00f6glich ist. Ausschwenkbar mit\u00a0Wasserhahnerweiterung inkl. Halterung &#8211; von [&hellip;]<\/p>\n","protected":false},"featured_media":3081,"comment_status":"open","ping_status":"closed","template":"","meta":[],"product_cat":[731,15,399,19,30,400],"product_tag":[888,889,26,890],"_links":{"self":[{"href":"https:\/\/shop.garagestyger.ch\/index.php?rest_route=\/wp\/v2\/product\/3080"}],"collection":[{"href":"https:\/\/shop.garagestyger.ch\/index.php?rest_route=\/wp\/v2\/product"}],"about":[{"href":"https:\/\/shop.garagestyger.ch\/index.php?rest_route=\/wp\/v2\/types\/product"}],"replies":[{"embeddable":true,"href":"https:\/\/shop.garagestyger.ch\/index.php?rest_route=%2Fwp%2Fv2%2Fcomments&post=3080"}],"wp:featuredmedia":[{"embeddable":true,"href":"https:\/\/shop.garagestyger.ch\/index.php?rest_route=\/wp\/v2\/media\/3081"}],"wp:attachment":[{"href":"https:\/\/shop.garagestyger.ch\/index.php?rest_route=%2Fwp%2Fv2%2Fmedia&parent=3080"}],"wp:term":[{"taxonomy":"product_cat","embeddable":true,"href":"https:\/\/shop.garagestyger.ch\/index.php?rest_route=%2Fwp%2Fv2%2Fproduct_cat&post=3080"},{"taxonomy":"product_tag","embeddable":true,"href":"https:\/\/shop.garagestyger.ch\/index.php?rest_route=%2Fwp%2Fv2%2Fproduct_tag&post=3080"}],"curies":[{"name":"wp","href":"https:\/\/api.w.org\/{rel}","templated":true}]}}