{"id":3071,"date":"2022-09-06T13:46:22","date_gmt":"2022-09-06T13:46:22","guid":{"rendered":"https:\/\/shop.garagestyger.ch\/?post_type=product&#038;p=3071"},"modified":"2022-09-06T13:46:23","modified_gmt":"2022-09-06T13:46:23","slug":"wasserhahnerweiterung-inkl-halterung-von-front-runner","status":"publish","type":"product","link":"https:\/\/shop.garagestyger.ch\/?product=wasserhahnerweiterung-inkl-halterung-von-front-runner","title":{"rendered":"Wasserhahnerweiterung inkl. Halterung &#8211; von Front Runner"},"content":{"rendered":"<p>Erweitere den Hahn Deines Wassertanks f\u00fcr einen m\u00fchelosen Wasserfluss w\u00e4hrend Deines Abenteuers.<\/p>\n<p>&nbsp;<\/p>\n<ul>\n<li>Zur seitlichen Montage am Slimline II Dachtr\u00e4ger.<\/li>\n<li>Schwenkbar um 90\u00b0 an der Seite Deines Dachtr\u00e4gers f\u00fcr einen m\u00fchelosen Wasserfluss.<\/li>\n<li>Der Federstift verriegelt die Erweiterung f\u00fcr den Wasserhahn in geschlossener oder ge\u00f6ffneter Position.<\/li>\n<li>Inklusive Kopf-Halterung.<\/li>\n<li>Ideal zur Verwendung mit\u00a0<a href=\"https:\/\/www.frontrunneroutfitters.com\/de\/de\/tap-extension-bracket-hose-kit.html\">Schlauch-Set f\u00fcr Wasserhahnerweiterungs-Halterung &#8211; von Front Runner<\/a>.<\/li>\n<\/ul>\n","protected":false},"excerpt":{"rendered":"<p>Erweitere den Hahn Deines Wassertanks f\u00fcr einen m\u00fchelosen Wasserfluss w\u00e4hrend Deines Abenteuers. &nbsp; Zur seitlichen Montage am Slimline II Dachtr\u00e4ger. Schwenkbar um 90\u00b0 an der Seite Deines Dachtr\u00e4gers f\u00fcr einen m\u00fchelosen Wasserfluss. Der Federstift verriegelt die Erweiterung f\u00fcr den Wasserhahn in geschlossener oder ge\u00f6ffneter Position. Inklusive Kopf-Halterung. Ideal zur Verwendung mit\u00a0Schlauch-Set f\u00fcr Wasserhahnerweiterungs-Halterung &#8211; von [&hellip;]<\/p>\n","protected":false},"featured_media":3072,"comment_status":"open","ping_status":"closed","template":"","meta":[],"product_cat":[731,15,399,19,30,400],"product_tag":[887,885],"_links":{"self":[{"href":"https:\/\/shop.garagestyger.ch\/index.php?rest_route=\/wp\/v2\/product\/3071"}],"collection":[{"href":"https:\/\/shop.garagestyger.ch\/index.php?rest_route=\/wp\/v2\/product"}],"about":[{"href":"https:\/\/shop.garagestyger.ch\/index.php?rest_route=\/wp\/v2\/types\/product"}],"replies":[{"embeddable":true,"href":"https:\/\/shop.garagestyger.ch\/index.php?rest_route=%2Fwp%2Fv2%2Fcomments&post=3071"}],"wp:featuredmedia":[{"embeddable":true,"href":"https:\/\/shop.garagestyger.ch\/index.php?rest_route=\/wp\/v2\/media\/3072"}],"wp:attachment":[{"href":"https:\/\/shop.garagestyger.ch\/index.php?rest_route=%2Fwp%2Fv2%2Fmedia&parent=3071"}],"wp:term":[{"taxonomy":"product_cat","embeddable":true,"href":"https:\/\/shop.garagestyger.ch\/index.php?rest_route=%2Fwp%2Fv2%2Fproduct_cat&post=3071"},{"taxonomy":"product_tag","embeddable":true,"href":"https:\/\/shop.garagestyger.ch\/index.php?rest_route=%2Fwp%2Fv2%2Fproduct_tag&post=3071"}],"curies":[{"name":"wp","href":"https:\/\/api.w.org\/{rel}","templated":true}]}}