{"id":3058,"date":"2022-09-06T13:12:31","date_gmt":"2022-09-06T13:12:31","guid":{"rendered":"https:\/\/shop.garagestyger.ch\/?post_type=product&#038;p=3058"},"modified":"2023-08-24T11:23:39","modified_gmt":"2023-08-24T11:23:39","slug":"kopressorkuehl-und-gefrierbox-tragbar-dometic-cfx3-45","status":"publish","type":"product","link":"https:\/\/shop.garagestyger.ch\/?product=kopressorkuehl-und-gefrierbox-tragbar-dometic-cfx3-45","title":{"rendered":"Kopressork\u00fchl- und Gefrierbox tragbar Dometic CFX3 45"},"content":{"rendered":"<p>Diese leistungsstarke netzbetriebene K\u00fchlbox bietet noch mehr Platz, damit Du all Deine Lieblingsspeisen und -getr\u00e4nke auf jedes Abenteuer mitnehmen kannst. Durch ihre Robustheit ist sie ideal f\u00fcr den Outdoor-Einsatz geeignet. Mit einer App f\u00fcr Mobilger\u00e4te kannst Du die K\u00fchlfunktionen Deiner Dometic CFX3 einfach und effizient steuern. St\u00fcrze Dich ins Abenteuer. Genie\u00dfe eine sorglose Zeit.<\/p>\n<p>&nbsp;<\/p>\n<ul>\n<li>Gro\u00dfz\u00fcgiges Fassungsverm\u00f6gen von 40 l, kann sowohl als K\u00fchlbox oder Gefrierbox verwendet werden.<\/li>\n<li>Das einfach ablesbare, hochaufl\u00f6sende Farbdisplay und Softtouch-Tasten erm\u00f6glichen eine l\u00fcckenlose \u00dcberwachung und Steuerung der K\u00fchlleistung.<\/li>\n<li>USB- Anschluss, um mobile Ger\u00e4te oder andere Ausr\u00fcstung aufzuladen.<\/li>\n<li>Die Smartphone-App f\u00fcr CFX3 erm\u00f6glicht die Temperaturkontrolle \u00fcber WLAN oder Bluetooth sowie eine detaillierte Leistungs\u00fcbersicht<\/li>\n<li>Leistungsstarke VMSO3 Kompressork\u00fchltechnologie f\u00fcr effiziente K\u00fchlung und Gefrieren bis zu \u201322 \u00b0C<\/li>\n<li>Robuste Konstruktion, die dennoch leicht ist und \u00fcber Handgriffe mit einer Aluminiumlegierung verf\u00fcgt.<\/li>\n<li>3-stufiges Batterieschutzsystem mit automatischer Abschaltung, um die Entleerung der Autobatterie zu vermeiden, sowie Stromaufnahmem\u00f6glichkeit durch Doppelbatteriesysteme<\/li>\n<li>Aktive Dichtungen sorgen f\u00fcr ein hervorragendes Abdichten, halten die k\u00fchle Luft im Inneren und sorgen f\u00fcr eine Minimierung des Stromverbrauchs.<\/li>\n<\/ul>\n","protected":false},"excerpt":{"rendered":"<p>Diese leistungsstarke netzbetriebene K\u00fchlbox bietet noch mehr Platz, damit Du all Deine Lieblingsspeisen und -getr\u00e4nke auf jedes Abenteuer mitnehmen kannst. Durch ihre Robustheit ist sie ideal f\u00fcr den Outdoor-Einsatz geeignet. Mit einer App f\u00fcr Mobilger\u00e4te kannst Du die K\u00fchlfunktionen Deiner Dometic CFX3 einfach und effizient steuern. St\u00fcrze Dich ins Abenteuer. Genie\u00dfe eine sorglose Zeit. &nbsp; [&hellip;]<\/p>\n","protected":false},"featured_media":3059,"comment_status":"open","ping_status":"closed","template":"","meta":[],"product_cat":[15,399,19,30,400],"product_tag":[884,883,882],"_links":{"self":[{"href":"https:\/\/shop.garagestyger.ch\/index.php?rest_route=\/wp\/v2\/product\/3058"}],"collection":[{"href":"https:\/\/shop.garagestyger.ch\/index.php?rest_route=\/wp\/v2\/product"}],"about":[{"href":"https:\/\/shop.garagestyger.ch\/index.php?rest_route=\/wp\/v2\/types\/product"}],"replies":[{"embeddable":true,"href":"https:\/\/shop.garagestyger.ch\/index.php?rest_route=%2Fwp%2Fv2%2Fcomments&post=3058"}],"wp:featuredmedia":[{"embeddable":true,"href":"https:\/\/shop.garagestyger.ch\/index.php?rest_route=\/wp\/v2\/media\/3059"}],"wp:attachment":[{"href":"https:\/\/shop.garagestyger.ch\/index.php?rest_route=%2Fwp%2Fv2%2Fmedia&parent=3058"}],"wp:term":[{"taxonomy":"product_cat","embeddable":true,"href":"https:\/\/shop.garagestyger.ch\/index.php?rest_route=%2Fwp%2Fv2%2Fproduct_cat&post=3058"},{"taxonomy":"product_tag","embeddable":true,"href":"https:\/\/shop.garagestyger.ch\/index.php?rest_route=%2Fwp%2Fv2%2Fproduct_tag&post=3058"}],"curies":[{"name":"wp","href":"https:\/\/api.w.org\/{rel}","templated":true}]}}