{"id":2836,"date":"2022-04-05T12:12:55","date_gmt":"2022-04-05T12:12:55","guid":{"rendered":"https:\/\/shop.garagestyger.ch\/?post_type=product&#038;p=2836"},"modified":"2022-04-05T12:32:04","modified_gmt":"2022-04-05T12:32:04","slug":"vx-70-sp-arbeitsscheinwerfer-led-osram","status":"publish","type":"product","link":"https:\/\/shop.garagestyger.ch\/?product=vx-70-sp-arbeitsscheinwerfer-led-osram","title":{"rendered":"VX-70-SP LED Arbeitsscheinwerfer OSRAM"},"content":{"rendered":"<div id=\"productDescription\" data-v-b67e322e=\"\" data-v-77d08e2e=\"\" data-v-758d7f2c=\"\">\n<section id=\"descriptionTitle__productDescription\" class=\"descriptionBlock\" data-v-b67e322e=\"\">\n<h2 class=\"descriptionBlock__title --headingLarge\" data-v-b67e322e=\"\">Beschreibung<\/h2>\n<div class=\"productDescription\" data-v-77d08e2e=\"\" data-v-b67e322e=\"\">\n<div class=\"--body\" data-v-77d08e2e=\"\" data-v-b67e322e=\"\">Der Off-Road LED Arbeitsscheinwerfer Cube ist eine Hochleistungs-LED-Spot-Leuchte mit 6000 Kelvin.<\/div>\n<\/div>\n<\/section>\n<\/div>\n<div id=\"attributesNotes_facts\" data-v-b67e322e=\"\" data-v-758d7f2c=\"\">\n<section id=\"descriptionTitle__attributesNotes_facts\" class=\"descriptionBlock descriptionBlock--small\" data-v-b67e322e=\"\">\n<h3 class=\"--headingMediu\" data-v-b67e322e=\"\">Ausf\u00fchrung<\/h3>\n<ul class=\"--descriptionList\" data-v-b67e322e=\"\">\n<li class=\"--descriptionList__item --body\">Kompakte Hochleistungs-LED-Spot-Leuchten<\/li>\n<li class=\"--descriptionList__item --body\">\u00a0Kompakt und robust<\/li>\n<li class=\"--descriptionList__item --body\">\u00a0Bruchsichere Polycarbonat-Linse f\u00fcr hohe Beanspruchung<\/li>\n<li class=\"--descriptionList__item --body\">\u00a0\u00dcber- und Unterspannungsschutz<\/li>\n<li class=\"--descriptionList__item --body\">\u00a0Integriertes Treiber- und W\u00e4rmemanagementsystem f\u00fcr eine erh\u00f6hte Lebensdauer<\/li>\n<li class=\"--descriptionList__item --body\">\u00a0Eingangsspannung: 12\/24V<\/li>\n<li class=\"--descriptionList__item --body\">\u00a0IP-Klasse: IP67<\/li>\n<li class=\"--descriptionList__item --body\">\u00a0Polarit\u00e4tsschutz<\/li>\n<li class=\"--descriptionList__item --body\">\u00a0Kabell\u00e4nge: 35cm<\/li>\n<li class=\"--descriptionList__item --body\">\u00a0ECE R10<\/li>\n<li class=\"--descriptionList__item --body\">\u00a0Farbtemperatur: 6000 K<\/li>\n<li class=\"--descriptionList__item --body\">\u00a05 OSRAM LED DURIS S5<\/li>\n<li class=\"--descriptionList__item --body\">\u00a0Leuchtweite @1lx: 53 m<\/li>\n<li class=\"--descriptionList__item --body\">\u00a0Hot Lumen: 550 lm<\/li>\n<li class=\"--descriptionList__item --body\">\u00a0Nenneingangsleistung 8 W<\/li>\n<li class=\"--descriptionList__item --body\">\u00a0Gewicht 200 g<\/li>\n<\/ul>\n<\/section>\n<\/div>\n","protected":false},"excerpt":{"rendered":"<p>Beschreibung Der Off-Road LED Arbeitsscheinwerfer Cube ist eine Hochleistungs-LED-Spot-Leuchte mit 6000 Kelvin. Ausf\u00fchrung Kompakte Hochleistungs-LED-Spot-Leuchten \u00a0Kompakt und robust \u00a0Bruchsichere Polycarbonat-Linse f\u00fcr hohe Beanspruchung \u00a0\u00dcber- und Unterspannungsschutz \u00a0Integriertes Treiber- und W\u00e4rmemanagementsystem f\u00fcr eine erh\u00f6hte Lebensdauer \u00a0Eingangsspannung: 12\/24V \u00a0IP-Klasse: IP67 \u00a0Polarit\u00e4tsschutz \u00a0Kabell\u00e4nge: 35cm \u00a0ECE R10 \u00a0Farbtemperatur: 6000 K \u00a05 OSRAM LED DURIS S5 \u00a0Leuchtweite @1lx: 53 m [&hellip;]<\/p>\n","protected":false},"featured_media":2837,"comment_status":"open","ping_status":"closed","template":"","meta":[],"product_cat":[403,404,15,399,20],"product_tag":[410,408,380,409,377],"_links":{"self":[{"href":"https:\/\/shop.garagestyger.ch\/index.php?rest_route=\/wp\/v2\/product\/2836"}],"collection":[{"href":"https:\/\/shop.garagestyger.ch\/index.php?rest_route=\/wp\/v2\/product"}],"about":[{"href":"https:\/\/shop.garagestyger.ch\/index.php?rest_route=\/wp\/v2\/types\/product"}],"replies":[{"embeddable":true,"href":"https:\/\/shop.garagestyger.ch\/index.php?rest_route=%2Fwp%2Fv2%2Fcomments&post=2836"}],"wp:featuredmedia":[{"embeddable":true,"href":"https:\/\/shop.garagestyger.ch\/index.php?rest_route=\/wp\/v2\/media\/2837"}],"wp:attachment":[{"href":"https:\/\/shop.garagestyger.ch\/index.php?rest_route=%2Fwp%2Fv2%2Fmedia&parent=2836"}],"wp:term":[{"taxonomy":"product_cat","embeddable":true,"href":"https:\/\/shop.garagestyger.ch\/index.php?rest_route=%2Fwp%2Fv2%2Fproduct_cat&post=2836"},{"taxonomy":"product_tag","embeddable":true,"href":"https:\/\/shop.garagestyger.ch\/index.php?rest_route=%2Fwp%2Fv2%2Fproduct_tag&post=2836"}],"curies":[{"name":"wp","href":"https:\/\/api.w.org\/{rel}","templated":true}]}}