{"id":2806,"date":"2022-03-15T14:24:10","date_gmt":"2022-03-15T14:24:10","guid":{"rendered":"https:\/\/shop.garagestyger.ch\/?post_type=product&#038;p=2806"},"modified":"2022-09-15T11:42:18","modified_gmt":"2022-09-15T11:42:18","slug":"quick-fist-40-73mm-werkzeughalter-go-between","status":"publish","type":"product","link":"https:\/\/shop.garagestyger.ch\/?product=quick-fist-40-73mm-werkzeughalter-go-between","title":{"rendered":"Quick Fist 40-73mm Werkzeughalter Go Between"},"content":{"rendered":"<p><strong>Quick Fist Werkzeughalter Go Between<\/strong><\/p>\n<div><\/div>\n<div>Diese Werkzeughalterung eignet sich ideal f\u00fcr Gegenst\u00e4nde mit einem Durchmesser von 44 &#8211; 73 mm.<br \/>\nJede Halterung hat eine zuverl\u00e4ssige Traglast von 23 kg. Die Bruchlast betr\u00e4gt 68 kg.<\/p>\n<p>Die Werkzeughalter sind leicht zu montieren und die Montagefl\u00e4che des Halters betr\u00e4gt 25 x 89 mm.<br \/>\nDer Kunststoff wurde gem\u00e4\u00df AfPS GS 2015:01 PAK gepr\u00fcft und ist f\u00fcr l\u00e4ngerfristigen Hautkontakt geeignet.<\/p>\n<\/div>\n<div>\n<hr \/>\n<p><strong>Montage:<\/strong><\/div>\n<div><\/div>\n<div>\n<ol>\n<li>Montiere den Halter mit zwei 6 mm Feingewindeschrauben und Unterlegscheiben<br \/>\n(Unter dem Bolzen oder dem Schraubenkopf). Nicht zu stark anziehen, da Gummi sich dann einfach nur dehnt.<\/li>\n<li>Der Halter kann in jeder beliebigen Richtung montiert werden.<\/li>\n<li>Zum Spannen gib ein Werkzeug oder Arbeitsger\u00e4t in die Anspannbacken und zieh den Riemen wie gew\u00fcnscht an.<\/li>\n<\/ol>\n<hr \/>\n<p><strong>Lieferumfang:<\/strong><\/div>\n<ul>\n<li>1x Quick Fist Werkzeughalter<\/li>\n<\/ul>\n<p>&nbsp;<\/p>\n","protected":false},"excerpt":{"rendered":"<p>Quick Fist Werkzeughalter Go Between Diese Werkzeughalterung eignet sich ideal f\u00fcr Gegenst\u00e4nde mit einem Durchmesser von 44 &#8211; 73 mm. Jede Halterung hat eine zuverl\u00e4ssige Traglast von 23 kg. Die Bruchlast betr\u00e4gt 68 kg. Die Werkzeughalter sind leicht zu montieren und die Montagefl\u00e4che des Halters betr\u00e4gt 25 x 89 mm. Der Kunststoff wurde gem\u00e4\u00df AfPS [&hellip;]<\/p>\n","protected":false},"featured_media":2807,"comment_status":"open","ping_status":"closed","template":"","meta":[],"product_cat":[426,404,15,30,400],"product_tag":[816,422,425,817],"_links":{"self":[{"href":"https:\/\/shop.garagestyger.ch\/index.php?rest_route=\/wp\/v2\/product\/2806"}],"collection":[{"href":"https:\/\/shop.garagestyger.ch\/index.php?rest_route=\/wp\/v2\/product"}],"about":[{"href":"https:\/\/shop.garagestyger.ch\/index.php?rest_route=\/wp\/v2\/types\/product"}],"replies":[{"embeddable":true,"href":"https:\/\/shop.garagestyger.ch\/index.php?rest_route=%2Fwp%2Fv2%2Fcomments&post=2806"}],"wp:featuredmedia":[{"embeddable":true,"href":"https:\/\/shop.garagestyger.ch\/index.php?rest_route=\/wp\/v2\/media\/2807"}],"wp:attachment":[{"href":"https:\/\/shop.garagestyger.ch\/index.php?rest_route=%2Fwp%2Fv2%2Fmedia&parent=2806"}],"wp:term":[{"taxonomy":"product_cat","embeddable":true,"href":"https:\/\/shop.garagestyger.ch\/index.php?rest_route=%2Fwp%2Fv2%2Fproduct_cat&post=2806"},{"taxonomy":"product_tag","embeddable":true,"href":"https:\/\/shop.garagestyger.ch\/index.php?rest_route=%2Fwp%2Fv2%2Fproduct_tag&post=2806"}],"curies":[{"name":"wp","href":"https:\/\/api.w.org\/{rel}","templated":true}]}}