{"id":2782,"date":"2022-03-15T14:03:02","date_gmt":"2022-03-15T14:03:02","guid":{"rendered":"https:\/\/shop.garagestyger.ch\/?post_type=product&#038;p=2782"},"modified":"2022-11-29T14:43:46","modified_gmt":"2022-11-29T14:43:46","slug":"seilwinden-zubehoerkit-seilwindenset-mit-tasche-horntools-offroad-4x4-holzerset-winchset","status":"publish","type":"product","link":"https:\/\/shop.garagestyger.ch\/?product=seilwinden-zubehoerkit-seilwindenset-mit-tasche-horntools-offroad-4x4-holzerset-winchset","title":{"rendered":"Seilwinden Zubeh\u00f6rkit Seilwindenset mit Tasche horntools Offroad 4&#215;4 Holzerset Winchset"},"content":{"rendered":"<div><strong>Seilwinden Zubeh\u00f6rkit inkl. Tasche<br \/>\n<\/strong><br \/>\nDieses extrem hochwertige Set von horntools ist ein Must-have f\u00fcr jeden Offroadenthusiast.<br \/>\nMit diesem Set bist du perfekt ausger\u00fcstet und es wurde speziell ausgelegt f\u00fcr Fahrzeuge<br \/>\nbis zu einem Eigengewicht von 3,25 Tonnen. Damit du es auch immer dabei hast, wird alles<br \/>\nin der praktischen horntools-Tasche geliefert. Somit ist alles immer an griffbereit an einem Ort.<\/div>\n<div><\/div>\n<div>\n<hr \/>\n<\/div>\n<p><strong>Inhalt:<\/strong><\/p>\n<ul>\n<li>1x Baumgurt\/Bergegurt 2 m, 21 Tonnen-Bruchlast<\/li>\n<li>1x Umlenkrolle, bis 9 Tonnen<\/li>\n<li>2x Sch\u00e4kel 3,25 to Arbeit &#8211; Bruchlast 13 to<\/li>\n<li>1 Paar Handschuhe<\/li>\n<li>1 Tasche<\/li>\n<\/ul>\n<p><strong>Ma\u00dfe:<\/strong>\u00a038 x 27 x 10 cm<br \/>\n<strong>Gewicht:<\/strong>\u00a07 kg<\/p>\n<div>\n<hr \/>\n<p><strong>Lieferumfang:<\/strong><\/p>\n<\/div>\n<ul>\n<li>1x Seilwinden Zubeh\u00f6rkit inkl. Tasche<\/li>\n<\/ul>\n<div><\/div>\n<div><strong>Hinweis:<\/strong><\/div>\n<div>Wir empfehlen beim Windenvorgang immer Handschuhe zu tragen. Kontrolliere immer die Umlenkrolle<\/div>\n<div>und den Baumgurt, bevor dieser benutzt wird. Schon kleine Risse oder Besch\u00e4digungen k\u00f6nnen<br \/>\ndie Zugkraft vom Baumgurt erheblich verringern. Bei der Umlenkrolle ist sehr wichtig, dass der Seegerring<br \/>\nin der Nut ist und dass er nicht verbogen ist. Alle relevanten Teile m\u00fcssen vor jedem Einsatz auf Sicht<br \/>\ngepr\u00fcft werden, bevor du sie benutzt, dein und das Leben anderer kann davon abh\u00e4ngen.<\/div>\n","protected":false},"excerpt":{"rendered":"<p>Seilwinden Zubeh\u00f6rkit inkl. Tasche Dieses extrem hochwertige Set von horntools ist ein Must-have f\u00fcr jeden Offroadenthusiast. Mit diesem Set bist du perfekt ausger\u00fcstet und es wurde speziell ausgelegt f\u00fcr Fahrzeuge bis zu einem Eigengewicht von 3,25 Tonnen. Damit du es auch immer dabei hast, wird alles in der praktischen horntools-Tasche geliefert. Somit ist alles immer [&hellip;]<\/p>\n","protected":false},"featured_media":2783,"comment_status":"open","ping_status":"closed","template":"","meta":[],"product_cat":[426,404,15,399,30,400],"product_tag":[819,818,422],"_links":{"self":[{"href":"https:\/\/shop.garagestyger.ch\/index.php?rest_route=\/wp\/v2\/product\/2782"}],"collection":[{"href":"https:\/\/shop.garagestyger.ch\/index.php?rest_route=\/wp\/v2\/product"}],"about":[{"href":"https:\/\/shop.garagestyger.ch\/index.php?rest_route=\/wp\/v2\/types\/product"}],"replies":[{"embeddable":true,"href":"https:\/\/shop.garagestyger.ch\/index.php?rest_route=%2Fwp%2Fv2%2Fcomments&post=2782"}],"wp:featuredmedia":[{"embeddable":true,"href":"https:\/\/shop.garagestyger.ch\/index.php?rest_route=\/wp\/v2\/media\/2783"}],"wp:attachment":[{"href":"https:\/\/shop.garagestyger.ch\/index.php?rest_route=%2Fwp%2Fv2%2Fmedia&parent=2782"}],"wp:term":[{"taxonomy":"product_cat","embeddable":true,"href":"https:\/\/shop.garagestyger.ch\/index.php?rest_route=%2Fwp%2Fv2%2Fproduct_cat&post=2782"},{"taxonomy":"product_tag","embeddable":true,"href":"https:\/\/shop.garagestyger.ch\/index.php?rest_route=%2Fwp%2Fv2%2Fproduct_tag&post=2782"}],"curies":[{"name":"wp","href":"https:\/\/api.w.org\/{rel}","templated":true}]}}