{"id":2774,"date":"2022-03-15T13:58:37","date_gmt":"2022-03-15T13:58:37","guid":{"rendered":"https:\/\/shop.garagestyger.ch\/?post_type=product&#038;p=2774"},"modified":"2025-01-28T15:07:05","modified_gmt":"2025-01-28T15:07:05","slug":"quick-fist-16-32mm-mini-werkzeughalter-2-stk","status":"publish","type":"product","link":"https:\/\/shop.garagestyger.ch\/?product=quick-fist-16-32mm-mini-werkzeughalter-2-stk","title":{"rendered":"Quick Fist 16-32mm Mini Werkzeughalter 2 Stk."},"content":{"rendered":"<p><strong>Quick Fist Mini-Werkzeughalter<\/strong><\/p>\n<div><\/div>\n<div>Diese Werkzeughalterung eignet sich ideal f\u00fcr Gegenst\u00e4nde mit einem Durchmesser von 16 &#8211; 32 mm.<br \/>\nJede Halterung hat eine zuverl\u00e4ssige Traglast von 11 kg. Zwei Halter k\u00f6nnen somit 22 kg an Last tragen.Die Werkzeughalter sind leicht zu montieren und die Montagefl\u00e4che des Halters betr\u00e4gt 38 x 46 mm.<br \/>\nDer Kunststoff wurde gem\u00e4\u00df AfPS GS 2015:01 PAK gepr\u00fcft und ist f\u00fcr l\u00e4ngerfristigen Hautkontakt geeignet.<\/div>\n<div>\n<hr \/>\n<p><strong>Montage:<\/strong><\/p>\n<\/div>\n<div>\n<ol>\n<li>Benutze entweder #10 Schrauben oder Bolzen und Unterlegscheiben (nicht zu stark anziehen);<br \/>\noder du verwendest vier Blechschrauben und Unterlegscheiben f\u00fcr die L\u00f6cher in den vier Ecken des Halters.<\/li>\n<li>Die Montage des MINI QUICK FIST kann in jede beliebige Richtung erfolgen.<\/li>\n<li>Zum Spannen einfach das Werkzeug zwischen die Einspannbacken klemmen und den Riemen entsprechend anziehen.<\/li>\n<li>Die MINI QUICK FIST Werkzeughalter sind auch ideal als Rohrhalterung, benutz die Halter<br \/>\njedoch nicht bei Rohren, die eine Temperatur von 82\u00b0C immer wieder \u00fcbersteigen.<\/li>\n<\/ol>\n<hr \/>\n<p><strong>Lieferumfang:<\/strong><\/p>\n<\/div>\n<ul>\n<li>2x Quick Fist Mini-Werkzeughalter<\/li>\n<\/ul>\n","protected":false},"excerpt":{"rendered":"<p>Quick Fist Mini-Werkzeughalter Diese Werkzeughalterung eignet sich ideal f\u00fcr Gegenst\u00e4nde mit einem Durchmesser von 16 &#8211; 32 mm. Jede Halterung hat eine zuverl\u00e4ssige Traglast von 11 kg. Zwei Halter k\u00f6nnen somit 22 kg an Last tragen.Die Werkzeughalter sind leicht zu montieren und die Montagefl\u00e4che des Halters betr\u00e4gt 38 x 46 mm. Der Kunststoff wurde gem\u00e4\u00df [&hellip;]<\/p>\n","protected":false},"featured_media":2775,"comment_status":"open","ping_status":"closed","template":"","meta":[],"product_cat":[426,404,15,399,30,400],"product_tag":[24,816,422,817],"_links":{"self":[{"href":"https:\/\/shop.garagestyger.ch\/index.php?rest_route=\/wp\/v2\/product\/2774"}],"collection":[{"href":"https:\/\/shop.garagestyger.ch\/index.php?rest_route=\/wp\/v2\/product"}],"about":[{"href":"https:\/\/shop.garagestyger.ch\/index.php?rest_route=\/wp\/v2\/types\/product"}],"replies":[{"embeddable":true,"href":"https:\/\/shop.garagestyger.ch\/index.php?rest_route=%2Fwp%2Fv2%2Fcomments&post=2774"}],"wp:featuredmedia":[{"embeddable":true,"href":"https:\/\/shop.garagestyger.ch\/index.php?rest_route=\/wp\/v2\/media\/2775"}],"wp:attachment":[{"href":"https:\/\/shop.garagestyger.ch\/index.php?rest_route=%2Fwp%2Fv2%2Fmedia&parent=2774"}],"wp:term":[{"taxonomy":"product_cat","embeddable":true,"href":"https:\/\/shop.garagestyger.ch\/index.php?rest_route=%2Fwp%2Fv2%2Fproduct_cat&post=2774"},{"taxonomy":"product_tag","embeddable":true,"href":"https:\/\/shop.garagestyger.ch\/index.php?rest_route=%2Fwp%2Fv2%2Fproduct_tag&post=2774"}],"curies":[{"name":"wp","href":"https:\/\/api.w.org\/{rel}","templated":true}]}}