{"id":2486,"date":"2021-10-12T15:52:06","date_gmt":"2021-10-12T15:52:06","guid":{"rendered":"https:\/\/shop.garagestyger.ch\/?post_type=product&#038;p=2486"},"modified":"2025-07-01T16:59:41","modified_gmt":"2025-07-01T16:59:41","slug":"kantenschutz-klemmbereich-1-4mm-10m","status":"publish","type":"product","link":"https:\/\/shop.garagestyger.ch\/?product=kantenschutz-klemmbereich-1-4mm-10m","title":{"rendered":"Kantenschutz Klemmbereich 1-4mm 1m"},"content":{"rendered":"<div><strong>Kantenschutz<br \/>\n<\/strong><\/div>\n<div>Dieser Kantenschutz mit einer L\u00e4nge von 1 Meter und verst\u00e4rkt durch Metalleinlagen. Der Klemmbereich<br \/>\nliegt zwischen 1 und 4 mm und ist somit Ideal f\u00fcr Ladefl\u00e4chen, Kofferraumdichtungen und weiter Kanten<br \/>\ndie gesch\u00fctzt werden sollen. Die Zubeh\u00f6rteile entsprechen der gewohnten hohen horntools Qualit\u00e4t.<\/div>\n","protected":false},"excerpt":{"rendered":"<p>Kantenschutz Dieser Kantenschutz mit einer L\u00e4nge von 1 Meter und verst\u00e4rkt durch Metalleinlagen. Der Klemmbereich liegt zwischen 1 und 4 mm und ist somit Ideal f\u00fcr Ladefl\u00e4chen, Kofferraumdichtungen und weiter Kanten die gesch\u00fctzt werden sollen. Die Zubeh\u00f6rteile entsprechen der gewohnten hohen horntools Qualit\u00e4t.<\/p>\n","protected":false},"featured_media":2487,"comment_status":"open","ping_status":"closed","template":"","meta":[],"product_cat":[426,404,844,15,399,30,400],"product_tag":[785,422,745],"_links":{"self":[{"href":"https:\/\/shop.garagestyger.ch\/index.php?rest_route=\/wp\/v2\/product\/2486"}],"collection":[{"href":"https:\/\/shop.garagestyger.ch\/index.php?rest_route=\/wp\/v2\/product"}],"about":[{"href":"https:\/\/shop.garagestyger.ch\/index.php?rest_route=\/wp\/v2\/types\/product"}],"replies":[{"embeddable":true,"href":"https:\/\/shop.garagestyger.ch\/index.php?rest_route=%2Fwp%2Fv2%2Fcomments&post=2486"}],"wp:featuredmedia":[{"embeddable":true,"href":"https:\/\/shop.garagestyger.ch\/index.php?rest_route=\/wp\/v2\/media\/2487"}],"wp:attachment":[{"href":"https:\/\/shop.garagestyger.ch\/index.php?rest_route=%2Fwp%2Fv2%2Fmedia&parent=2486"}],"wp:term":[{"taxonomy":"product_cat","embeddable":true,"href":"https:\/\/shop.garagestyger.ch\/index.php?rest_route=%2Fwp%2Fv2%2Fproduct_cat&post=2486"},{"taxonomy":"product_tag","embeddable":true,"href":"https:\/\/shop.garagestyger.ch\/index.php?rest_route=%2Fwp%2Fv2%2Fproduct_tag&post=2486"}],"curies":[{"name":"wp","href":"https:\/\/api.w.org\/{rel}","templated":true}]}}