{"id":2469,"date":"2021-10-12T15:39:30","date_gmt":"2021-10-12T15:39:30","guid":{"rendered":"https:\/\/shop.garagestyger.ch\/?post_type=product&#038;p=2469"},"modified":"2023-05-30T12:52:43","modified_gmt":"2023-05-30T12:52:43","slug":"uranos-140-alu-hartschalenzelt-140cm-horntools","status":"publish","type":"product","link":"https:\/\/shop.garagestyger.ch\/?product=uranos-140-alu-hartschalenzelt-140cm-horntools","title":{"rendered":"Uranos 140 Alu Hartschalenzelt 140cm horntools"},"content":{"rendered":"<p><strong>Dachzelt wurde zu Ausstellungszwecken Probemontiert.<br \/>\nHat vorne links an einem U-Profil einen leichten Transportschaden.\u00a0<\/strong><\/p>\n<p><strong><br \/>\nUranos Aluminium Hartschalen Zelt<\/strong>\u00a0&#8211; inspiriert durch den griechischen Wettergott.<\/p>\n<div>Wir haben uns ganz bewusst gegen Kunststoffe als Schale entschieden, um die Umwelt nicht unn\u00f6tig<\/div>\n<div>mit noch mehr Plastik zu belasten. Die 2,5 cm dicke Honigwaben Aluminium Platte ist mit Alu Profilen verst\u00e4rkt,<br \/>\nder Gasdruckd\u00e4mpfer und die au\u00dfenliegenden Teile sind aus Edelstahl. Die Boden und Deckelplatte ist mit Steinwolle isoliert.<\/div>\n<div><\/div>\n<div>Damit es auch trocken und gem\u00fctlich bleibt, wenn es einmal regnet, hat das Uranos an allen seitlichen wie auch<\/div>\n<div>vorderen \u00d6ffnungen ein aufklappbares Vordach installiert. Somit hat der Regen oder auch Schnee keine Chance.<\/div>\n<div><strong>Hinweis:<\/strong><\/div>\n<div>Die Montage erfolgt wie bei einem Klappzelt mit Slider in C-Schienen und<br \/>\nGegenplatte. Diese sind in L\u00e4ngsrichtung mit dem Dachzelt verschraubt.Die Pflege- und Handhabungshinweise sollten vor dem ersten Gebrauch gelesen werden.<\/p>\n<\/div>\n<div><\/div>\n<div>\n<div>\n<p><strong>Besonderheiten:<\/strong><\/p>\n<p><a href=\"https:\/\/www.horntools.com\/images\/15cm.JPG\" target=\"_blank\" rel=\"noopener\"><img loading=\"lazy\" decoding=\"async\" src=\"https:\/\/www.horntools.com\/images\/15cm.JPG\" alt=\"\" width=\"300\" height=\"166\" \/><\/a><\/p>\n<\/div>\n<div>Durch die Super Slim Bauweise ist die komplette Bauh\u00f6he nur 15,5 cm<br \/>\nin geschlossenem Zustand. Ein Wert, der einzigartig ist in diesem Segment,<br \/>\naufgrund der H\u00f6he kann jedoch das Bettzeug nicht im Zelt verbleiben.<\/div>\n<div><\/div>\n<div><\/div>\n<div><a href=\"https:\/\/www.horntools.com\/images\/roofrte_01.jpg\" target=\"_blank\" rel=\"noopener\"><img loading=\"lazy\" decoding=\"async\" src=\"https:\/\/www.horntools.com\/images\/roofrte_01.jpg\" alt=\"\" width=\"300\" height=\"300\" \/><\/a><\/div>\n<div>Das Zelt verf\u00fcgt seitlich \u00fcber Nut-Schienen, in die ganze einfach<\/div>\n<div>unser Dachtr\u00e4ger befestigt werden kann. Wir haben normale<br \/>\nQuertr\u00e4ger oder einen grossfl\u00e4chigen Dachtr\u00e4ger f\u00fcr dich<br \/>\nzur Auswahl. Hier zu sehen mit unserem optionalem Dachtr\u00e4ger.<\/div>\n<div><\/div>\n<div><\/div>\n<div><a href=\"https:\/\/www.horntools.com\/images\/klappdac.JPG\" target=\"_blank\" rel=\"noopener\"><img loading=\"lazy\" decoding=\"async\" src=\"https:\/\/www.horntools.com\/images\/klappdac.JPG\" alt=\"\" width=\"300\" height=\"329\" \/><\/a><\/div>\n<div>Damit es auch bei Regen gem\u00fctlich und trocken bleibt,<\/div>\n<div>\n<p>haben wir zu den vorderen und seitlichen \u00d6ffnungen hin ein Klapp-Vordac<\/p>\n<\/div>\n<div><a href=\"https:\/\/www.horntools.com\/images\/interior.jpg\" target=\"_blank\" rel=\"noopener\"><img loading=\"lazy\" decoding=\"async\" src=\"https:\/\/www.horntools.com\/images\/interior.jpg\" alt=\"\" width=\"300\" height=\"225\" \/><\/a><\/div>\n<div>Der Innenraum ist sehr gem\u00fctlich und mit vielen Taschen,<\/div>\n<div>Haltenetzen und Verstaum\u00f6glichkeiten ausgestattet.<\/div>\n<\/div>\n","protected":false},"excerpt":{"rendered":"<p>Dachzelt wurde zu Ausstellungszwecken Probemontiert. Hat vorne links an einem U-Profil einen leichten Transportschaden.\u00a0 Uranos Aluminium Hartschalen Zelt\u00a0&#8211; inspiriert durch den griechischen Wettergott. Wir haben uns ganz bewusst gegen Kunststoffe als Schale entschieden, um die Umwelt nicht unn\u00f6tig mit noch mehr Plastik zu belasten. Die 2,5 cm dicke Honigwaben Aluminium Platte ist mit Alu Profilen [&hellip;]<\/p>\n","protected":false},"featured_media":2470,"comment_status":"open","ping_status":"closed","template":"","meta":[],"product_cat":[426,733,15,399,30,400],"product_tag":[24,738,776,422,777,765],"_links":{"self":[{"href":"https:\/\/shop.garagestyger.ch\/index.php?rest_route=\/wp\/v2\/product\/2469"}],"collection":[{"href":"https:\/\/shop.garagestyger.ch\/index.php?rest_route=\/wp\/v2\/product"}],"about":[{"href":"https:\/\/shop.garagestyger.ch\/index.php?rest_route=\/wp\/v2\/types\/product"}],"replies":[{"embeddable":true,"href":"https:\/\/shop.garagestyger.ch\/index.php?rest_route=%2Fwp%2Fv2%2Fcomments&post=2469"}],"wp:featuredmedia":[{"embeddable":true,"href":"https:\/\/shop.garagestyger.ch\/index.php?rest_route=\/wp\/v2\/media\/2470"}],"wp:attachment":[{"href":"https:\/\/shop.garagestyger.ch\/index.php?rest_route=%2Fwp%2Fv2%2Fmedia&parent=2469"}],"wp:term":[{"taxonomy":"product_cat","embeddable":true,"href":"https:\/\/shop.garagestyger.ch\/index.php?rest_route=%2Fwp%2Fv2%2Fproduct_cat&post=2469"},{"taxonomy":"product_tag","embeddable":true,"href":"https:\/\/shop.garagestyger.ch\/index.php?rest_route=%2Fwp%2Fv2%2Fproduct_tag&post=2469"}],"curies":[{"name":"wp","href":"https:\/\/api.w.org\/{rel}","templated":true}]}}