{"id":2451,"date":"2021-10-12T15:07:48","date_gmt":"2021-10-12T15:07:48","guid":{"rendered":"https:\/\/shop.garagestyger.ch\/?post_type=product&#038;p=2451"},"modified":"2021-10-12T15:07:48","modified_gmt":"2021-10-12T15:07:48","slug":"bergegurt-10m-gelb-21to-bruchlast-horntools","status":"publish","type":"product","link":"https:\/\/shop.garagestyger.ch\/?product=bergegurt-10m-gelb-21to-bruchlast-horntools","title":{"rendered":"Bergegurt 10m gelb 21to Bruchlast horntools"},"content":{"rendered":"<p><strong>hornrope Bergegurt mit GS Zertifikat<\/strong><\/p>\n<div>Dieser Bergegurt ist doppelt gen\u00e4ht und verf\u00fcgt zus\u00e4tzlich \u00fcber einen Schutzschlauch, der bei Bedarf verschoben werden kann.<\/div>\n<div>Der Schutzschlauch sch\u00fctzt den Bergegurt vor Besch\u00e4digungen, die beim Bergevorgang entstehen k\u00f6nnen. Wenn der Gurt<br \/>\nbeispielsweise \u00fcber einen scharfen Stein zieht. Der Bergegurt hat eine Bruchlast von 21 t und eine Arbeitslast von 3 t.<br \/>\nSomit ist eine Sicherheit von 7:1 gegeben. Dank der gelben Signalfarbe ist er auch im Dunkeln noch gut sichbar.<\/div>\n","protected":false},"excerpt":{"rendered":"<p>hornrope Bergegurt mit GS Zertifikat Dieser Bergegurt ist doppelt gen\u00e4ht und verf\u00fcgt zus\u00e4tzlich \u00fcber einen Schutzschlauch, der bei Bedarf verschoben werden kann. Der Schutzschlauch sch\u00fctzt den Bergegurt vor Besch\u00e4digungen, die beim Bergevorgang entstehen k\u00f6nnen. Wenn der Gurt beispielsweise \u00fcber einen scharfen Stein zieht. Der Bergegurt hat eine Bruchlast von 21 t und eine Arbeitslast von [&hellip;]<\/p>\n","protected":false},"featured_media":2452,"comment_status":"open","ping_status":"closed","template":"","meta":[],"product_cat":[426,404,15,399,30],"product_tag":[756,759,422,757,758,425],"_links":{"self":[{"href":"https:\/\/shop.garagestyger.ch\/index.php?rest_route=\/wp\/v2\/product\/2451"}],"collection":[{"href":"https:\/\/shop.garagestyger.ch\/index.php?rest_route=\/wp\/v2\/product"}],"about":[{"href":"https:\/\/shop.garagestyger.ch\/index.php?rest_route=\/wp\/v2\/types\/product"}],"replies":[{"embeddable":true,"href":"https:\/\/shop.garagestyger.ch\/index.php?rest_route=%2Fwp%2Fv2%2Fcomments&post=2451"}],"wp:featuredmedia":[{"embeddable":true,"href":"https:\/\/shop.garagestyger.ch\/index.php?rest_route=\/wp\/v2\/media\/2452"}],"wp:attachment":[{"href":"https:\/\/shop.garagestyger.ch\/index.php?rest_route=%2Fwp%2Fv2%2Fmedia&parent=2451"}],"wp:term":[{"taxonomy":"product_cat","embeddable":true,"href":"https:\/\/shop.garagestyger.ch\/index.php?rest_route=%2Fwp%2Fv2%2Fproduct_cat&post=2451"},{"taxonomy":"product_tag","embeddable":true,"href":"https:\/\/shop.garagestyger.ch\/index.php?rest_route=%2Fwp%2Fv2%2Fproduct_tag&post=2451"}],"curies":[{"name":"wp","href":"https:\/\/api.w.org\/{rel}","templated":true}]}}