{"id":2098,"date":"2021-08-27T12:20:30","date_gmt":"2021-08-27T12:20:30","guid":{"rendered":"https:\/\/shop.garagestyger.ch\/produkt\/quick-release-markisen-befestigungskit-von-front-runner\/"},"modified":"2022-09-06T12:35:41","modified_gmt":"2022-09-06T12:35:41","slug":"quick-release-markisen-befestigungskit-von-front-runner","status":"publish","type":"product","link":"https:\/\/shop.garagestyger.ch\/?product=quick-release-markisen-befestigungskit-von-front-runner","title":{"rendered":"Quick Release Markisen Befestigungskit &#8211; von Front Runner"},"content":{"rendered":"<p>Inhalt:1 x Paar Quick Release Markisen BefestigungskitInstallationszubeh\u00f6rMontageanleitungMaterial:Schwarz pulverbeschichteter 3CR12 korrosionsbest\u00e4ndiger StahlProduktma\u00dfe:160 mm (L) x 80 mm (B) x 105 mm (H)Gewicht:2,10 kgMaximalgewicht:20 kg<\/p>\n","protected":false},"excerpt":{"rendered":"<p>Wenn Du Deine Markise nicht immer durch die Gegend fahren m\u00f6chtest, erm\u00f6glicht Dir das Front Runner Quick Release Markisen-Befestigungskit das Montieren und Demontieren Deiner Markise innerhalb von Sekunden ohne zus\u00e4tzliches Werkzeug.Zwei abschlie\u00dfbare Riegel geben Dir zus\u00e4tzliche Sicherheit.<\/p>\n","protected":false},"featured_media":2686,"comment_status":"open","ping_status":"closed","template":"","meta":[],"product_cat":[15,19],"product_tag":[],"_links":{"self":[{"href":"https:\/\/shop.garagestyger.ch\/index.php?rest_route=\/wp\/v2\/product\/2098"}],"collection":[{"href":"https:\/\/shop.garagestyger.ch\/index.php?rest_route=\/wp\/v2\/product"}],"about":[{"href":"https:\/\/shop.garagestyger.ch\/index.php?rest_route=\/wp\/v2\/types\/product"}],"replies":[{"embeddable":true,"href":"https:\/\/shop.garagestyger.ch\/index.php?rest_route=%2Fwp%2Fv2%2Fcomments&post=2098"}],"wp:featuredmedia":[{"embeddable":true,"href":"https:\/\/shop.garagestyger.ch\/index.php?rest_route=\/wp\/v2\/media\/2686"}],"wp:attachment":[{"href":"https:\/\/shop.garagestyger.ch\/index.php?rest_route=%2Fwp%2Fv2%2Fmedia&parent=2098"}],"wp:term":[{"taxonomy":"product_cat","embeddable":true,"href":"https:\/\/shop.garagestyger.ch\/index.php?rest_route=%2Fwp%2Fv2%2Fproduct_cat&post=2098"},{"taxonomy":"product_tag","embeddable":true,"href":"https:\/\/shop.garagestyger.ch\/index.php?rest_route=%2Fwp%2Fv2%2Fproduct_tag&post=2098"}],"curies":[{"name":"wp","href":"https:\/\/api.w.org\/{rel}","templated":true}]}}