{"id":2044,"date":"2021-08-27T12:20:23","date_gmt":"2021-08-27T12:20:23","guid":{"rendered":"https:\/\/shop.garagestyger.ch\/produkt\/easy-out-markisen-halterung-von-front-runner\/"},"modified":"2022-09-06T12:21:06","modified_gmt":"2022-09-06T12:21:06","slug":"easy-out-markisen-halterung-von-front-runner","status":"publish","type":"product","link":"https:\/\/shop.garagestyger.ch\/?product=easy-out-markisen-halterung-von-front-runner","title":{"rendered":"Easy-Out Markisen-Halterung &#8211; von Front Runner"},"content":{"rendered":"<p>Inhalt: 3 x Halterungen1 x Satz Schrauben und MutternMaterial:3 mm schwarzer pulverbeschichteter 3CR12 korrosionsbest\u00e4ndiger StahlProduktma\u00dfe:49 mm (L) x 128 mm (B) x 87,5 mm (H)Gewicht: 1,36 kg<\/p>\n","protected":false},"excerpt":{"rendered":"<p>Montagekit f\u00fcr die einfache Befestigung der Front Runner Markise oder anderer ber\u00fchmter Markisenhersteller am Slimline II Dachtr\u00e4ger. Diese bohrfreie, offroadtaugliche und robuste Montagel\u00f6sung ist eine raffinierte Alternative zu sperrigen verzinkten L-Winkeln.<\/p>\n","protected":false},"featured_media":2672,"comment_status":"open","ping_status":"closed","template":"","meta":[],"product_cat":[15,19],"product_tag":[],"_links":{"self":[{"href":"https:\/\/shop.garagestyger.ch\/index.php?rest_route=\/wp\/v2\/product\/2044"}],"collection":[{"href":"https:\/\/shop.garagestyger.ch\/index.php?rest_route=\/wp\/v2\/product"}],"about":[{"href":"https:\/\/shop.garagestyger.ch\/index.php?rest_route=\/wp\/v2\/types\/product"}],"replies":[{"embeddable":true,"href":"https:\/\/shop.garagestyger.ch\/index.php?rest_route=%2Fwp%2Fv2%2Fcomments&post=2044"}],"wp:featuredmedia":[{"embeddable":true,"href":"https:\/\/shop.garagestyger.ch\/index.php?rest_route=\/wp\/v2\/media\/2672"}],"wp:attachment":[{"href":"https:\/\/shop.garagestyger.ch\/index.php?rest_route=%2Fwp%2Fv2%2Fmedia&parent=2044"}],"wp:term":[{"taxonomy":"product_cat","embeddable":true,"href":"https:\/\/shop.garagestyger.ch\/index.php?rest_route=%2Fwp%2Fv2%2Fproduct_cat&post=2044"},{"taxonomy":"product_tag","embeddable":true,"href":"https:\/\/shop.garagestyger.ch\/index.php?rest_route=%2Fwp%2Fv2%2Fproduct_tag&post=2044"}],"curies":[{"name":"wp","href":"https:\/\/api.w.org\/{rel}","templated":true}]}}