{"id":2040,"date":"2021-08-27T12:20:22","date_gmt":"2021-08-27T12:20:22","guid":{"rendered":"https:\/\/shop.garagestyger.ch\/produkt\/axt-halterung-von-front-runner\/"},"modified":"2022-05-31T11:22:23","modified_gmt":"2022-05-31T11:22:23","slug":"axt-halterung-von-front-runner","status":"publish","type":"product","link":"https:\/\/shop.garagestyger.ch\/?product=axt-halterung-von-front-runner","title":{"rendered":"Axt-Halterung &#8211; von Front Runner"},"content":{"rendered":"<p>Inhalt:1 x Axt-Halterung1 x Aluminium H\u00fclse1 x gummierte GriffhalterungM10 Ringschrauben und MutternProduktma\u00dfe:340 mm (L) x 160 mm (B) x 85 mm (H)Gewicht:1,8 kg<\/p>\n","protected":false},"excerpt":{"rendered":"<p>Die abschlie\u00dfbare Stahlkappe sch\u00fctzt die Klinge Deiner Axt und kann an den Slimline II Dachtr\u00e4ger montiert werden.<\/p>\n","protected":false},"featured_media":2649,"comment_status":"open","ping_status":"closed","template":"","meta":[],"product_cat":[15,19],"product_tag":[],"_links":{"self":[{"href":"https:\/\/shop.garagestyger.ch\/index.php?rest_route=\/wp\/v2\/product\/2040"}],"collection":[{"href":"https:\/\/shop.garagestyger.ch\/index.php?rest_route=\/wp\/v2\/product"}],"about":[{"href":"https:\/\/shop.garagestyger.ch\/index.php?rest_route=\/wp\/v2\/types\/product"}],"replies":[{"embeddable":true,"href":"https:\/\/shop.garagestyger.ch\/index.php?rest_route=%2Fwp%2Fv2%2Fcomments&post=2040"}],"wp:featuredmedia":[{"embeddable":true,"href":"https:\/\/shop.garagestyger.ch\/index.php?rest_route=\/wp\/v2\/media\/2649"}],"wp:attachment":[{"href":"https:\/\/shop.garagestyger.ch\/index.php?rest_route=%2Fwp%2Fv2%2Fmedia&parent=2040"}],"wp:term":[{"taxonomy":"product_cat","embeddable":true,"href":"https:\/\/shop.garagestyger.ch\/index.php?rest_route=%2Fwp%2Fv2%2Fproduct_cat&post=2040"},{"taxonomy":"product_tag","embeddable":true,"href":"https:\/\/shop.garagestyger.ch\/index.php?rest_route=%2Fwp%2Fv2%2Fproduct_tag&post=2040"}],"curies":[{"name":"wp","href":"https:\/\/api.w.org\/{rel}","templated":true}]}}