{"id":1437,"date":"2021-08-27T12:18:54","date_gmt":"2021-08-27T12:18:54","guid":{"rendered":"https:\/\/shop.garagestyger.ch\/produkt\/reservekanister-einfuellstutzen-von-front-runner\/"},"modified":"2022-03-01T10:53:43","modified_gmt":"2022-03-01T10:53:43","slug":"reservekanister-einfuellstutzen-von-front-runner","status":"publish","type":"product","link":"https:\/\/shop.garagestyger.ch\/?product=reservekanister-einfuellstutzen-von-front-runner","title":{"rendered":"Reservekanister Einf\u00fcllstutzen &#8211; von Front Runner"},"content":{"rendered":"<p>Inahlt:1x Metall-Adapter f\u00fcr Reservekanister1x Einf\u00fcllstutzenMaterial:Schwarz gef\u00e4rbtes Metall und GummiProduktma\u00dfe:75 mm (B) x 60 mm (L) x 292 mm (H)Gewicht:0.3kg (0.7lbs)<\/p>\n","protected":false},"excerpt":{"rendered":"<p>Einf\u00fcllstutzen aus Metall, passend f\u00fcr den 20L Front Runner Reservekanister.<\/p>\n","protected":false},"featured_media":2604,"comment_status":"open","ping_status":"closed","template":"","meta":[],"product_cat":[15,19],"product_tag":[],"_links":{"self":[{"href":"https:\/\/shop.garagestyger.ch\/index.php?rest_route=\/wp\/v2\/product\/1437"}],"collection":[{"href":"https:\/\/shop.garagestyger.ch\/index.php?rest_route=\/wp\/v2\/product"}],"about":[{"href":"https:\/\/shop.garagestyger.ch\/index.php?rest_route=\/wp\/v2\/types\/product"}],"replies":[{"embeddable":true,"href":"https:\/\/shop.garagestyger.ch\/index.php?rest_route=%2Fwp%2Fv2%2Fcomments&post=1437"}],"wp:featuredmedia":[{"embeddable":true,"href":"https:\/\/shop.garagestyger.ch\/index.php?rest_route=\/wp\/v2\/media\/2604"}],"wp:attachment":[{"href":"https:\/\/shop.garagestyger.ch\/index.php?rest_route=%2Fwp%2Fv2%2Fmedia&parent=1437"}],"wp:term":[{"taxonomy":"product_cat","embeddable":true,"href":"https:\/\/shop.garagestyger.ch\/index.php?rest_route=%2Fwp%2Fv2%2Fproduct_cat&post=1437"},{"taxonomy":"product_tag","embeddable":true,"href":"https:\/\/shop.garagestyger.ch\/index.php?rest_route=%2Fwp%2Fv2%2Fproduct_tag&post=1437"}],"curies":[{"name":"wp","href":"https:\/\/api.w.org\/{rel}","templated":true}]}}