{"id":1283,"date":"2021-07-20T13:27:07","date_gmt":"2021-07-20T13:27:07","guid":{"rendered":"https:\/\/shop.garagestyger.ch\/?post_type=product&#038;p=1283"},"modified":"2025-03-11T07:47:55","modified_gmt":"2025-03-11T07:47:55","slug":"kotfluegelverbreiterung-40mm-breit-horntools","status":"publish","type":"product","link":"https:\/\/shop.garagestyger.ch\/?product=kotfluegelverbreiterung-40mm-breit-horntools","title":{"rendered":"Kotfl\u00fcgelverbreiterung 40mm breit horntools"},"content":{"rendered":"<p><strong>Kotfl\u00fcgelverbreiterungssatz Universal<\/strong><\/p>\n<p>Die Kotfl\u00fcgelverbreiterung von Trekfinder sind passend f\u00fcr alle Fahrzeuge mit und ohne <span id=\"decorator-corrected-entity-id-13\" data-entity-key=\"13\" data-offset-key=\"4ubp2-3-0\"><span data-offset-key=\"4ubp2-3-0\">Innenkante<\/span><\/span> im Radlauf.<br \/>\nSomit entsteht eine formsch\u00f6ne und filigrane Verbreiterung mit dezenter Optik. Die Verbreiterung besteht aus<br \/>\nhochwertigem, flexiblem und fast unzerst\u00f6rbaren schwarzem Gummi.<\/p>\n<div>Einsetzbar ist die Verbreiterung bei Pkw&#8217;s, Gel\u00e4ndewagen, Vans, SUVs, Anh\u00e4ngern, Wohnmobilen, Baumaschinen u. v. m.<br \/>\nEs ist die ideale L\u00f6sung bei <span data-offset-key=\"snq2-0-0\">Spurverbreiterungen <\/span>durch Distanzscheiben, breitere Reifen und Felgen mit gr\u00f6\u00dferer Einpresstiefe.Die Breite der Abdeckung durch die Kotfl\u00fcgelverbreiterung ab der Montagefl\u00e4che betr\u00e4gt 40 mm. Die Montage erfolgt<br \/>\n\u00fcber einen 3M Klebestreifen, welcher schon an der Verbreiterung befestigt ist. Zur Montage muss nur die Schutzfolie<br \/>\nabgezogen werden. Das verwendete Klebeband wurde speziell f\u00fcr automobile Oberfl\u00e4chen entwickelt. Somit ist<br \/>\nbei der korrekten Montage eine \u00e4u\u00dferst haltbare Verbindung garantiert.<\/p>\n<\/div>\n","protected":false},"excerpt":{"rendered":"<p>Kotfl\u00fcgelverbreiterungssatz Universal Die Kotfl\u00fcgelverbreiterung von Trekfinder sind passend f\u00fcr alle Fahrzeuge mit und ohne Innenkante im Radlauf. Somit entsteht eine formsch\u00f6ne und filigrane Verbreiterung mit dezenter Optik. Die Verbreiterung besteht aus hochwertigem, flexiblem und fast unzerst\u00f6rbaren schwarzem Gummi. Einsetzbar ist die Verbreiterung bei Pkw&#8217;s, Gel\u00e4ndewagen, Vans, SUVs, Anh\u00e4ngern, Wohnmobilen, Baumaschinen u. v. m. Es ist [&hellip;]<\/p>\n","protected":false},"featured_media":1284,"comment_status":"open","ping_status":"closed","template":"","meta":[],"product_cat":[426,404,15,399],"product_tag":[441,422,443,442],"_links":{"self":[{"href":"https:\/\/shop.garagestyger.ch\/index.php?rest_route=\/wp\/v2\/product\/1283"}],"collection":[{"href":"https:\/\/shop.garagestyger.ch\/index.php?rest_route=\/wp\/v2\/product"}],"about":[{"href":"https:\/\/shop.garagestyger.ch\/index.php?rest_route=\/wp\/v2\/types\/product"}],"replies":[{"embeddable":true,"href":"https:\/\/shop.garagestyger.ch\/index.php?rest_route=%2Fwp%2Fv2%2Fcomments&post=1283"}],"wp:featuredmedia":[{"embeddable":true,"href":"https:\/\/shop.garagestyger.ch\/index.php?rest_route=\/wp\/v2\/media\/1284"}],"wp:attachment":[{"href":"https:\/\/shop.garagestyger.ch\/index.php?rest_route=%2Fwp%2Fv2%2Fmedia&parent=1283"}],"wp:term":[{"taxonomy":"product_cat","embeddable":true,"href":"https:\/\/shop.garagestyger.ch\/index.php?rest_route=%2Fwp%2Fv2%2Fproduct_cat&post=1283"},{"taxonomy":"product_tag","embeddable":true,"href":"https:\/\/shop.garagestyger.ch\/index.php?rest_route=%2Fwp%2Fv2%2Fproduct_tag&post=1283"}],"curies":[{"name":"wp","href":"https:\/\/api.w.org\/{rel}","templated":true}]}}