{"id":1244,"date":"2021-07-15T13:39:50","date_gmt":"2021-07-15T13:39:50","guid":{"rendered":"https:\/\/shop.garagestyger.ch\/?post_type=product&#038;p=1244"},"modified":"2021-07-15T13:39:50","modified_gmt":"2021-07-15T13:39:50","slug":"sx-300-cb-led-lightbar-osram","status":"publish","type":"product","link":"https:\/\/shop.garagestyger.ch\/?product=sx-300-cb-led-lightbar-osram","title":{"rendered":"SX-300-CB LED Lightbar Osram"},"content":{"rendered":"<h2 class=\"descriptionBlock__title --headingLarge\" data-v-b67e322e=\"\">Highlights &amp; Details<\/h2>\n<div class=\"productHighlights__block\" data-v-6ef48267=\"\" data-v-b67e322e=\"\">\n<ul class=\"--descriptionList\" data-v-6ef48267=\"\" data-v-b67e322e=\"\">\n<li class=\"--descriptionList__item --body\" data-v-6ef48267=\"\" data-v-b67e322e=\"\">Erh\u00f6hte Verkehrssicherheit<\/li>\n<li class=\"--descriptionList__item --body\" data-v-6ef48267=\"\" data-v-b67e322e=\"\">Kombinierte Nah- und Fernfeldbeleuchtung<\/li>\n<li class=\"--descriptionList__item --body\" data-v-6ef48267=\"\" data-v-b67e322e=\"\">Kompakt und robust<\/li>\n<li class=\"--descriptionList__item --body\" data-v-6ef48267=\"\" data-v-b67e322e=\"\">\u00dcber- und Unterspannungsschutz<\/li>\n<\/ul>\n<dl class=\"productTechData__list\" data-v-0bc4d569=\"\" data-v-b67e322e=\"\">\n<dt class=\"productTechData__listTerm --body\" data-v-0bc4d569=\"\" data-v-b67e322e=\"\">\n<p class=\"--weightBold\" data-v-0bc4d569=\"\" data-v-b67e322e=\"\">Abm.<\/p>\n<\/dt>\n<dd class=\"productTechData__listDefinition --body\" data-v-0bc4d569=\"\" data-v-b67e322e=\"\">\n<div class=\"--body productTechData__definitionDescription\" data-v-4436dfa2=\"\" data-v-0bc4d569=\"\" data-v-b67e322e=\"\">\n<p data-v-4436dfa2=\"\"><span data-v-4436dfa2=\"\">(L x B x H) 38 x 350 x 61.5 mm<\/span><\/p>\n<\/div>\n<\/dd>\n<\/dl>\n<dl class=\"productTechData__list\" data-v-0bc4d569=\"\" data-v-b67e322e=\"\">\n<dt class=\"productTechData__listTerm --body\" data-v-0bc4d569=\"\" data-v-b67e322e=\"\">\n<p class=\"--weightBold\" data-v-0bc4d569=\"\" data-v-b67e322e=\"\">Anwendungsempfehlung<\/p>\n<\/dt>\n<dd class=\"productTechData__listDefinition --body\" data-v-0bc4d569=\"\" data-v-b67e322e=\"\">\n<div class=\"--body productTechData__definitionDescription\" data-v-4436dfa2=\"\" data-v-0bc4d569=\"\" data-v-b67e322e=\"\">\n<p data-v-4436dfa2=\"\"><span data-v-4436dfa2=\"\">ATV<\/span><\/p>\n<p data-v-4436dfa2=\"\"><span data-v-4436dfa2=\"\">Baumaschinen<\/span><\/p>\n<p data-v-4436dfa2=\"\"><span data-v-4436dfa2=\"\">Bus<\/span><\/p>\n<p data-v-4436dfa2=\"\"><span data-v-4436dfa2=\"\">Landwirtschaft<\/span><\/p>\n<p data-v-4436dfa2=\"\"><span data-v-4436dfa2=\"\">Lkw<\/span><\/p>\n<p data-v-4436dfa2=\"\"><span data-v-4436dfa2=\"\">Pkw<\/span><\/p>\n<p data-v-4436dfa2=\"\"><span data-v-4436dfa2=\"\">Quad<\/span><\/p>\n<p data-v-4436dfa2=\"\"><span data-v-4436dfa2=\"\">SUV<\/span><\/p>\n<p data-v-4436dfa2=\"\"><span data-v-4436dfa2=\"\">Stapler<\/span><\/p>\n<p data-v-4436dfa2=\"\"><span data-v-4436dfa2=\"\">Van<\/span><\/p>\n<p><span class=\"definitionDescription__linkMessage --cyan\" data-v-4436dfa2=\"\">Mehr anzeigen<\/span><\/div>\n<\/dd>\n<\/dl>\n<dl class=\"productTechData__list\" data-v-0bc4d569=\"\" data-v-b67e322e=\"\">\n<dt class=\"productTechData__listTerm --body\" data-v-0bc4d569=\"\" data-v-b67e322e=\"\">\n<p class=\"--weightBold\" data-v-0bc4d569=\"\" data-v-b67e322e=\"\">LEDs<\/p>\n<\/dt>\n<dd class=\"productTechData__listDefinition --body\" data-v-0bc4d569=\"\" data-v-b67e322e=\"\">\n<div class=\"--body productTechData__definitionDescription\" data-v-4436dfa2=\"\" data-v-0bc4d569=\"\" data-v-b67e322e=\"\">\n<p data-v-4436dfa2=\"\"><span data-v-4436dfa2=\"\">12<\/span><\/p>\n<\/div>\n<\/dd>\n<\/dl>\n<dl class=\"productTechData__list\" data-v-0bc4d569=\"\" data-v-b67e322e=\"\">\n<dt class=\"productTechData__listTerm --body\" data-v-0bc4d569=\"\" data-v-b67e322e=\"\">\n<p class=\"--weightBold\" data-v-0bc4d569=\"\" data-v-b67e322e=\"\">Ausf\u00fchrung<\/p>\n<\/dt>\n<dd class=\"productTechData__listDefinition --body\" data-v-0bc4d569=\"\" data-v-b67e322e=\"\">\n<div class=\"--body productTechData__definitionDescription\" data-v-4436dfa2=\"\" data-v-0bc4d569=\"\" data-v-b67e322e=\"\">\n<p data-v-4436dfa2=\"\"><span data-v-4436dfa2=\"\">Fernscheinwerfer<\/span><\/p>\n<\/div>\n<\/dd>\n<\/dl>\n<dl class=\"productTechData__list\" data-v-0bc4d569=\"\" data-v-b67e322e=\"\">\n<dt class=\"productTechData__listTerm --body\" data-v-0bc4d569=\"\" data-v-b67e322e=\"\">\n<p class=\"--weightBold\" data-v-0bc4d569=\"\" data-v-b67e322e=\"\">Befestigungsart<\/p>\n<\/dt>\n<dd class=\"productTechData__listDefinition --body\" data-v-0bc4d569=\"\" data-v-b67e322e=\"\">\n<div class=\"--body productTechData__definitionDescription\" data-v-4436dfa2=\"\" data-v-0bc4d569=\"\" data-v-b67e322e=\"\">\n<p data-v-4436dfa2=\"\"><span data-v-4436dfa2=\"\">Schraubmontage<\/span><\/p>\n<\/div>\n<\/dd>\n<\/dl>\n<dl class=\"productTechData__list\" data-v-0bc4d569=\"\" data-v-b67e322e=\"\">\n<dt class=\"productTechData__listTerm --body\" data-v-0bc4d569=\"\" data-v-b67e322e=\"\">\n<p class=\"--weightBold\" data-v-0bc4d569=\"\" data-v-b67e322e=\"\">Betriebsspannung<\/p>\n<\/dt>\n<dd class=\"productTechData__listDefinition --body\" data-v-0bc4d569=\"\" data-v-b67e322e=\"\">\n<div class=\"--body productTechData__definitionDescription\" data-v-4436dfa2=\"\" data-v-0bc4d569=\"\" data-v-b67e322e=\"\">\n<p data-v-4436dfa2=\"\"><span data-v-4436dfa2=\"\">12<\/span>\u00a0<span data-v-4436dfa2=\"\">V<\/span><\/p>\n<p data-v-4436dfa2=\"\"><span data-v-4436dfa2=\"\">24<\/span>\u00a0<span data-v-4436dfa2=\"\">V<\/span><\/p>\n<\/div>\n<div class=\"productTechData__checkbox checkbox\" data-v-26e72cb8=\"\" data-v-0bc4d569=\"\" data-v-b67e322e=\"\"><\/div>\n<\/dd>\n<\/dl>\n<dl class=\"productTechData__list\" data-v-0bc4d569=\"\" data-v-b67e322e=\"\">\n<dt class=\"productTechData__listTerm --body\" data-v-0bc4d569=\"\" data-v-b67e322e=\"\">\n<p class=\"--weightBold\" data-v-0bc4d569=\"\" data-v-b67e322e=\"\">Inhalt<\/p>\n<\/dt>\n<dd class=\"productTechData__listDefinition --body\" data-v-0bc4d569=\"\" data-v-b67e322e=\"\">\n<div class=\"--body productTechData__definitionDescription\" data-v-4436dfa2=\"\" data-v-0bc4d569=\"\" data-v-b67e322e=\"\">\n<p data-v-4436dfa2=\"\"><span data-v-4436dfa2=\"\">1<\/span>\u00a0<span data-v-4436dfa2=\"\">St.<\/span><\/p>\n<\/div>\n<\/dd>\n<\/dl>\n<dl class=\"productTechData__list\" data-v-0bc4d569=\"\" data-v-b67e322e=\"\">\n<dt class=\"productTechData__listTerm --body\" data-v-0bc4d569=\"\" data-v-b67e322e=\"\">\n<p class=\"--weightBold\" data-v-0bc4d569=\"\" data-v-b67e322e=\"\">Passend f\u00fcr Marke<\/p>\n<\/dt>\n<dd class=\"productTechData__listDefinition --body\" data-v-0bc4d569=\"\" data-v-b67e322e=\"\">\n<div class=\"--body productTechData__definitionDescription\" data-v-4436dfa2=\"\" data-v-0bc4d569=\"\" data-v-b67e322e=\"\">\n<p data-v-4436dfa2=\"\"><span data-v-4436dfa2=\"\">Universal<\/span><\/p>\n<\/div>\n<\/dd>\n<\/dl>\n<dl class=\"productTechData__list\" data-v-0bc4d569=\"\" data-v-b67e322e=\"\">\n<dt class=\"productTechData__listTerm --body\" data-v-0bc4d569=\"\" data-v-b67e322e=\"\">\n<p class=\"--weightBold\" data-v-0bc4d569=\"\" data-v-b67e322e=\"\">Passend f\u00fcr Modell<\/p>\n<\/dt>\n<dd class=\"productTechData__listDefinition --body\" data-v-0bc4d569=\"\" data-v-b67e322e=\"\">\n<div class=\"--body productTechData__definitionDescription\" data-v-4436dfa2=\"\" data-v-0bc4d569=\"\" data-v-b67e322e=\"\">\n<p data-v-4436dfa2=\"\"><span data-v-4436dfa2=\"\">Universal<\/span><\/p>\n<\/div>\n<\/dd>\n<\/dl>\n<dl class=\"productTechData__list\" data-v-0bc4d569=\"\" data-v-b67e322e=\"\">\n<dt class=\"productTechData__listTerm --body\" data-v-0bc4d569=\"\" data-v-b67e322e=\"\">\n<p class=\"--weightBold\" data-v-0bc4d569=\"\" data-v-b67e322e=\"\">Modell<\/p>\n<\/dt>\n<dd class=\"productTechData__listDefinition --body\" data-v-0bc4d569=\"\" data-v-b67e322e=\"\">\n<div class=\"--body productTechData__definitionDescription\" data-v-4436dfa2=\"\" data-v-0bc4d569=\"\" data-v-b67e322e=\"\">\n<p data-v-4436dfa2=\"\"><span data-v-4436dfa2=\"\">On- und Off-Road<\/span><\/p>\n<\/div>\n<\/dd>\n<\/dl>\n<dl class=\"productTechData__list\" data-v-0bc4d569=\"\" data-v-b67e322e=\"\">\n<dt class=\"productTechData__listTerm --body\" data-v-0bc4d569=\"\" data-v-b67e322e=\"\">\n<p class=\"--weightBold\" data-v-0bc4d569=\"\" data-v-b67e322e=\"\">Breite<\/p>\n<\/dt>\n<dd class=\"productTechData__listDefinition --body\" data-v-0bc4d569=\"\" data-v-b67e322e=\"\">\n<div class=\"--body productTechData__definitionDescription\" data-v-4436dfa2=\"\" data-v-0bc4d569=\"\" data-v-b67e322e=\"\">\n<p data-v-4436dfa2=\"\"><span data-v-4436dfa2=\"\">350<\/span>\u00a0<span data-v-4436dfa2=\"\">mm<\/span><\/p>\n<dl class=\"productTechData__list\" data-v-0bc4d569=\"\" data-v-b67e322e=\"\">\n<dt class=\"productTechData__listTerm --body\" data-v-0bc4d569=\"\" data-v-b67e322e=\"\">\n<p class=\"--weightBold\" data-v-0bc4d569=\"\" data-v-b67e322e=\"\">H\u00f6he<\/p>\n<\/dt>\n<dd class=\"productTechData__listDefinition --body\" data-v-0bc4d569=\"\" data-v-b67e322e=\"\">\n<div class=\"--body productTechData__definitionDescription\" data-v-4436dfa2=\"\" data-v-0bc4d569=\"\" data-v-b67e322e=\"\">\n<p data-v-4436dfa2=\"\"><span data-v-4436dfa2=\"\">61.5<\/span>\u00a0<span data-v-4436dfa2=\"\">mm<\/span><\/p>\n<\/div>\n<\/dd>\n<\/dl>\n<dl class=\"productTechData__list\" data-v-0bc4d569=\"\" data-v-b67e322e=\"\">\n<dt class=\"productTechData__listTerm --body\" data-v-0bc4d569=\"\" data-v-b67e322e=\"\">\n<p class=\"--weightBold\" data-v-0bc4d569=\"\" data-v-b67e322e=\"\">L\u00e4nge<\/p>\n<\/dt>\n<dd class=\"productTechData__listDefinition --body\" data-v-0bc4d569=\"\" data-v-b67e322e=\"\">\n<div class=\"--body productTechData__definitionDescription\" data-v-4436dfa2=\"\" data-v-0bc4d569=\"\" data-v-b67e322e=\"\">\n<p data-v-4436dfa2=\"\"><span data-v-4436dfa2=\"\">38<\/span>\u00a0<span data-v-4436dfa2=\"\">mm<\/span><\/p>\n<\/div>\n<\/dd>\n<\/dl>\n<dl class=\"productTechData__list\" data-v-0bc4d569=\"\" data-v-b67e322e=\"\">\n<dt class=\"productTechData__listTerm --body\" data-v-0bc4d569=\"\" data-v-b67e322e=\"\">\n<p class=\"--weightBold\" data-v-0bc4d569=\"\" data-v-b67e322e=\"\">Referenzzahl (Ref.)<\/p>\n<\/dt>\n<dd class=\"productTechData__listDefinition --body\" data-v-0bc4d569=\"\" data-v-b67e322e=\"\">\n<div class=\"--body productTechData__definitionDescription\" data-v-4436dfa2=\"\" data-v-0bc4d569=\"\" data-v-b67e322e=\"\">\n<p data-v-4436dfa2=\"\"><span data-v-4436dfa2=\"\">10<\/span><\/p>\n<\/div>\n<\/dd>\n<\/dl>\n<dl class=\"productTechData__list\" data-v-0bc4d569=\"\" data-v-b67e322e=\"\">\n<dt class=\"productTechData__listTerm --body\" data-v-0bc4d569=\"\" data-v-b67e322e=\"\">\n<p class=\"--weightBold\" data-v-0bc4d569=\"\" data-v-b67e322e=\"\">ECE-Typgenehmigungskennzeichnung<\/p>\n<\/dt>\n<dd class=\"productTechData__listDefinition --body\" data-v-0bc4d569=\"\" data-v-b67e322e=\"\">\n<div class=\"--body productTechData__definitionDescription\" data-v-4436dfa2=\"\" data-v-0bc4d569=\"\" data-v-b67e322e=\"\">\n<p data-v-4436dfa2=\"\"><span data-v-4436dfa2=\"\">R112<\/span><\/p>\n<\/div>\n<\/dd>\n<\/dl>\n<dl class=\"productTechData__list\" data-v-0bc4d569=\"\" data-v-b67e322e=\"\">\n<dt class=\"productTechData__listTerm --body\" data-v-0bc4d569=\"\" data-v-b67e322e=\"\">\n<p class=\"--weightBold\" data-v-0bc4d569=\"\" data-v-b67e322e=\"\">Leuchtmittel-Typ<\/p>\n<\/dt>\n<dd class=\"productTechData__listDefinition --body\" data-v-0bc4d569=\"\" data-v-b67e322e=\"\">\n<div class=\"--body productTechData__definitionDescription\" data-v-4436dfa2=\"\" data-v-0bc4d569=\"\" data-v-b67e322e=\"\">\n<p data-v-4436dfa2=\"\"><span data-v-4436dfa2=\"\">LED<\/span><\/p>\n<\/div>\n<div class=\"productTechData__checkbox checkbox\" data-v-26e72cb8=\"\" data-v-0bc4d569=\"\" data-v-b67e322e=\"\"><\/div>\n<\/dd>\n<\/dl>\n<dl class=\"productTechData__list\" data-v-0bc4d569=\"\" data-v-b67e322e=\"\">\n<dt class=\"productTechData__listTerm --body\" data-v-0bc4d569=\"\" data-v-b67e322e=\"\">\n<p class=\"--weightBold\" data-v-0bc4d569=\"\" data-v-b67e322e=\"\">Montageort<\/p>\n<\/dt>\n<dd class=\"productTechData__listDefinition --body\" data-v-0bc4d569=\"\" data-v-b67e322e=\"\">\n<div class=\"--body productTechData__definitionDescription\" data-v-4436dfa2=\"\" data-v-0bc4d569=\"\" data-v-b67e322e=\"\">\n<p data-v-4436dfa2=\"\"><span data-v-4436dfa2=\"\">vorne<\/span><\/p>\n<\/div>\n<\/dd>\n<\/dl>\n<dl class=\"productTechData__list\" data-v-0bc4d569=\"\" data-v-b67e322e=\"\">\n<dt class=\"productTechData__listTerm --body\" data-v-0bc4d569=\"\" data-v-b67e322e=\"\">\n<p class=\"--weightBold\" data-v-0bc4d569=\"\" data-v-b67e322e=\"\">Optik f\u00fcr<\/p>\n<\/dt>\n<dd class=\"productTechData__listDefinition --body\" data-v-0bc4d569=\"\" data-v-b67e322e=\"\">\n<div class=\"--body productTechData__definitionDescription\" data-v-4436dfa2=\"\" data-v-0bc4d569=\"\" data-v-b67e322e=\"\">\n<p data-v-4436dfa2=\"\"><span data-v-4436dfa2=\"\">Gro\u00dffl\u00e4chige Gel\u00e4ndeausleuchtung<\/span><\/p>\n<\/div>\n<\/dd>\n<\/dl>\n<dl class=\"productTechData__list\" data-v-0bc4d569=\"\" data-v-b67e322e=\"\">\n<dt class=\"productTechData__listTerm --body\" data-v-0bc4d569=\"\" data-v-b67e322e=\"\">\n<p class=\"--weightBold\" data-v-0bc4d569=\"\" data-v-b67e322e=\"\">Lichtstrom Gesamt<\/p>\n<\/dt>\n<dd class=\"productTechData__listDefinition --body\" data-v-0bc4d569=\"\" data-v-b67e322e=\"\">\n<div class=\"--body productTechData__definitionDescription\" data-v-4436dfa2=\"\" data-v-0bc4d569=\"\" data-v-b67e322e=\"\">\n<p data-v-4436dfa2=\"\"><span data-v-4436dfa2=\"\">2600<\/span>\u00a0<span data-v-4436dfa2=\"\">lm<\/span><\/p>\n<\/div>\n<\/dd>\n<\/dl>\n<dl class=\"productTechData__list\" data-v-0bc4d569=\"\" data-v-b67e322e=\"\">\n<dt class=\"productTechData__listTerm --body\" data-v-0bc4d569=\"\" data-v-b67e322e=\"\">\n<div class=\"tooltip\" data-v-bf9a2bfe=\"\" data-v-0bc4d569=\"\" data-v-b67e322e=\"\"><span class=\"--body --cyan --weightBold\" data-v-0bc4d569=\"\" data-v-bf9a2bfe=\"\">Lichtfarbe (Kelvin)<\/span><\/div>\n<\/dt>\n<dd class=\"productTechData__listDefinition --body\" data-v-0bc4d569=\"\" data-v-b67e322e=\"\">\n<div class=\"--body productTechData__definitionDescription\" data-v-4436dfa2=\"\" data-v-0bc4d569=\"\" data-v-b67e322e=\"\">\n<p data-v-4436dfa2=\"\"><span data-v-4436dfa2=\"\">6000<\/span>\u00a0<span data-v-4436dfa2=\"\">K<\/span><\/p>\n<\/div>\n<\/dd>\n<\/dl>\n<dl class=\"productTechData__list\" data-v-0bc4d569=\"\" data-v-b67e322e=\"\">\n<dt class=\"productTechData__listTerm --body\" data-v-0bc4d569=\"\" data-v-b67e322e=\"\">\n<p class=\"--weightBold\" data-v-0bc4d569=\"\" data-v-b67e322e=\"\">Produkt-Art<\/p>\n<\/dt>\n<dd class=\"productTechData__listDefinition --body\" data-v-0bc4d569=\"\" data-v-b67e322e=\"\">\n<div class=\"--body productTechData__definitionDescription\" data-v-4436dfa2=\"\" data-v-0bc4d569=\"\" data-v-b67e322e=\"\">\n<p data-v-4436dfa2=\"\"><span data-v-4436dfa2=\"\">Fernscheinwerfer<\/span><\/p>\n<\/div>\n<\/dd>\n<\/dl>\n<\/div>\n<\/dd>\n<\/dl>\n<\/div>\n","protected":false},"excerpt":{"rendered":"<p>Highlights &amp; Details Erh\u00f6hte Verkehrssicherheit Kombinierte Nah- und Fernfeldbeleuchtung Kompakt und robust \u00dcber- und Unterspannungsschutz Abm. (L x B x H) 38 x 350 x 61.5 mm Anwendungsempfehlung ATV Baumaschinen Bus Landwirtschaft Lkw Pkw Quad SUV Stapler Van Mehr anzeigen LEDs 12 Ausf\u00fchrung Fernscheinwerfer Befestigungsart Schraubmontage Betriebsspannung 12\u00a0V 24\u00a0V Inhalt 1\u00a0St. Passend f\u00fcr Marke Universal [&hellip;]<\/p>\n","protected":false},"featured_media":1245,"comment_status":"open","ping_status":"closed","template":"","meta":[],"product_cat":[403,15,20],"product_tag":[380,395,377,383,420,421],"_links":{"self":[{"href":"https:\/\/shop.garagestyger.ch\/index.php?rest_route=\/wp\/v2\/product\/1244"}],"collection":[{"href":"https:\/\/shop.garagestyger.ch\/index.php?rest_route=\/wp\/v2\/product"}],"about":[{"href":"https:\/\/shop.garagestyger.ch\/index.php?rest_route=\/wp\/v2\/types\/product"}],"replies":[{"embeddable":true,"href":"https:\/\/shop.garagestyger.ch\/index.php?rest_route=%2Fwp%2Fv2%2Fcomments&post=1244"}],"wp:featuredmedia":[{"embeddable":true,"href":"https:\/\/shop.garagestyger.ch\/index.php?rest_route=\/wp\/v2\/media\/1245"}],"wp:attachment":[{"href":"https:\/\/shop.garagestyger.ch\/index.php?rest_route=%2Fwp%2Fv2%2Fmedia&parent=1244"}],"wp:term":[{"taxonomy":"product_cat","embeddable":true,"href":"https:\/\/shop.garagestyger.ch\/index.php?rest_route=%2Fwp%2Fv2%2Fproduct_cat&post=1244"},{"taxonomy":"product_tag","embeddable":true,"href":"https:\/\/shop.garagestyger.ch\/index.php?rest_route=%2Fwp%2Fv2%2Fproduct_tag&post=1244"}],"curies":[{"name":"wp","href":"https:\/\/api.w.org\/{rel}","templated":true}]}}