{"id":1170,"date":"2021-07-13T09:26:58","date_gmt":"2021-07-13T09:26:58","guid":{"rendered":"https:\/\/shop.garagestyger.ch\/?post_type=product&#038;p=1170"},"modified":"2022-04-05T11:56:08","modified_gmt":"2022-04-05T11:56:08","slug":"fx-500-sp-led-lightbar-osram","status":"publish","type":"product","link":"https:\/\/shop.garagestyger.ch\/?product=fx-500-sp-led-lightbar-osram","title":{"rendered":"FX-500-SP LED Lightbar Osram"},"content":{"rendered":"<p>Die FX Serie von Osram wurde als robuste ECE-Konforme und somit als Zusatzfernscheinwerfer zugelassene LED-Bar entwikelt.<\/p>\n<p>Mit seinen Hochleistungs LED`S erreicht die FX Serie eine Distanz von bis zu 450m. Durch den engen Abstrahlwinkel von 5\u00b0 eignet sich Spot variante vorallem dann wenn eine gute Fernsicht gew\u00fcnscht ist. M\u00f6chte man hingegen die Strasse vor sich und auch die Ferne gut einsehen beziehungsweise beleuchten k\u00f6nnen, empfiehlt sich die Combo variante. Da der Scheinwerfer \u00fcber eine ECE-R112 Zulassung verf\u00fcgt, darf dieser als Zusatzfernscheinwerfer verbaut und nat\u00fcrlich auch benutzt werden. Zu beachten ist dabei jedoch das diese immer paarweise verbaut werden m\u00fcssen.<\/p>\n<p>Dank des Aluminium-Geh\u00e4uses und der fast unzerst\u00f6rbaren und kratzfesten Polycarbonat-Scheibe ist der Scheinwerfer extrem Robust und zudem auch Wasserdicht nach dem IP67 Standart. Wie alle Osram LED-Zusatzscheinwerfer besteht auch die FX Serie aus Edelstahl und pulverbeschichtetem Aluminium. Dadurch erreichen die Scheinwerfer die in der Automobilbranche \u00fcblichen Korrosionsschutzstandarts.<\/p>\n<p>Der FX-500-SP wird mit einem paar Montageb\u00fcgel geliefert. Der Elektrische anschluss erfolgt \u00fcber einen vormontierten Stecker(Deutsch DT), dieser kommt inklusive einer Kupplung mit Anschlusskabeln.<\/p>\n<table width=\"600\">\n<tbody>\n<tr>\n<td width=\"300\">Zulassung als Fernscheinwerfer<\/td>\n<td width=\"300\">Ja ECE-R112, Ref.Zahl 45<\/td>\n<\/tr>\n<tr>\n<td width=\"300\">Betriebsspannung<\/td>\n<td width=\"300\">12V\/ 24V DC<\/td>\n<\/tr>\n<tr>\n<td width=\"300\">Leistungsaufnahme<\/td>\n<td width=\"300\">70W<\/td>\n<\/tr>\n<tr>\n<td width=\"300\">Schutzklasse Geh\u00e4use<\/td>\n<td width=\"300\">IP67<\/td>\n<\/tr>\n<tr>\n<td width=\"300\">Betriebstemperatur<\/td>\n<td width=\"300\">N\/A<\/td>\n<\/tr>\n<tr>\n<td width=\"300\">Farbtemperatur<\/td>\n<td width=\"300\">6000\u00b0K<\/td>\n<\/tr>\n<tr>\n<td width=\"300\">Lichtstrom<\/td>\n<td width=\"300\">5500 Lm<\/td>\n<\/tr>\n<tr>\n<td width=\"300\">HxBxT<\/td>\n<td width=\"300\">77x655x94mm<\/td>\n<\/tr>\n<tr>\n<td width=\"300\">1Lx @<\/td>\n<td width=\"300\">450m<\/td>\n<\/tr>\n<\/tbody>\n<\/table>\n","protected":false},"excerpt":{"rendered":"<p>Die FX Serie von Osram wurde als robuste ECE-Konforme und somit als Zusatzfernscheinwerfer zugelassene LED-Bar entwikelt. Mit seinen Hochleistungs LED`S erreicht die FX Serie eine Distanz von bis zu 450m. Durch den engen Abstrahlwinkel von 5\u00b0 eignet sich Spot variante vorallem dann wenn eine gute Fernsicht gew\u00fcnscht ist. M\u00f6chte man hingegen die Strasse vor sich [&hellip;]<\/p>\n","protected":false},"featured_media":1171,"comment_status":"open","ping_status":"closed","template":"","meta":[],"product_cat":[403,15,20],"product_tag":[386,394,380,393,395,377],"_links":{"self":[{"href":"https:\/\/shop.garagestyger.ch\/index.php?rest_route=\/wp\/v2\/product\/1170"}],"collection":[{"href":"https:\/\/shop.garagestyger.ch\/index.php?rest_route=\/wp\/v2\/product"}],"about":[{"href":"https:\/\/shop.garagestyger.ch\/index.php?rest_route=\/wp\/v2\/types\/product"}],"replies":[{"embeddable":true,"href":"https:\/\/shop.garagestyger.ch\/index.php?rest_route=%2Fwp%2Fv2%2Fcomments&post=1170"}],"wp:featuredmedia":[{"embeddable":true,"href":"https:\/\/shop.garagestyger.ch\/index.php?rest_route=\/wp\/v2\/media\/1171"}],"wp:attachment":[{"href":"https:\/\/shop.garagestyger.ch\/index.php?rest_route=%2Fwp%2Fv2%2Fmedia&parent=1170"}],"wp:term":[{"taxonomy":"product_cat","embeddable":true,"href":"https:\/\/shop.garagestyger.ch\/index.php?rest_route=%2Fwp%2Fv2%2Fproduct_cat&post=1170"},{"taxonomy":"product_tag","embeddable":true,"href":"https:\/\/shop.garagestyger.ch\/index.php?rest_route=%2Fwp%2Fv2%2Fproduct_tag&post=1170"}],"curies":[{"name":"wp","href":"https:\/\/api.w.org\/{rel}","templated":true}]}}