{"id":1142,"date":"2021-07-08T14:36:08","date_gmt":"2021-07-08T14:36:08","guid":{"rendered":"https:\/\/shop.garagestyger.ch\/?post_type=product&#038;p=1142"},"modified":"2022-04-05T11:54:56","modified_gmt":"2022-04-05T11:54:56","slug":"fx-500-cb-sm-ledriving-lightbar","status":"publish","type":"product","link":"https:\/\/shop.garagestyger.ch\/?product=fx-500-cb-sm-ledriving-lightbar","title":{"rendered":"FX-500-CB SM LED Lightbar Osram"},"content":{"rendered":"<p><strong>Mehr Fahrspa\u00df durch LED-Zusatzscheinwerfer<\/strong><\/p>\n<p>Mehr Weitsicht auf dunklen Landstra\u00dfen und Waldwegen \u2013 daf\u00fcr sorgt die LEDriving Lightbar FX500-CB ohne Probleme. Mit seinen 20 kraftstrotzenden Hochleistungs-LEDs kommt der LED-Fernscheinwerfer auf eine Lichtdistanz von bis zu 440 Metern und bietet dem Fahrer somit erh\u00f6hte Sicherheit auf der Stra\u00dfe.<br \/>\nAuch bei D\u00e4mmerlicht und eingeschr\u00e4nkten Sichtverh\u00e4ltnissen sorgt die LED-Bar f\u00fcrs Auto mit starken 6000 Kelvin f\u00fcr tageslicht\u00e4hnliche Verh\u00e4ltnisse, ohne den Gegenverkehr dabei zu blenden. Durch das intelligente Reflektor-Design wird das Licht der LEDs durch einen Reflektor umgeleitet und erreicht den Gegenverkehr somit nur indirekt. Das erzeugte Licht verteilt sich gleichm\u00e4\u00dfig in einem Abstrahlwinkel von f\u00fcnf Grad.<\/p>\n<p><strong>Robust, langlebig und vielseitig<\/strong><br \/>\nOb als LED-Arbeitsleuchte oder als Zusatzscheinwerfer f\u00fcrs Auto \u2013 die LEDriving Lightbar FX500-CB \u00fcberzeugt durch ihre starke Leistung und hohe Lebensdauer. Vielseitig einsetzbar trotzt sie Umwelteinfl\u00fcssen und ist dank hochwertig verarbeiteter Materialien und der stabilen Polycarbonatlinse besonders robust.<br \/>\nDas integrierte Treiber- und W\u00e4rmemanagementsystem reguliert die Temperatur des LED-Scheinwerfers f\u00fcrs Auto und verhindert so Sch\u00e4den durch \u00dcberhitzung. Ein vollst\u00e4ndiger Polarit\u00e4tsschutz sorgt zudem f\u00fcr das automatische Abschalten der LEDs, sollte es zu einer \u00dcberspannung kommen.<\/p>\n<p><strong>Leucht-Power flexibel einsetzen<\/strong><br \/>\nOff-Road sowie auf der Stra\u00dfe ist die LEDriving Lightbar FX500-CB ein echtes Vergn\u00fcgen. Die LED-Zusatzscheinwerfer mit ECE-Zulassung sorgen im Stra\u00dfenverkehr f\u00fcr erh\u00f6hte Sichtbarkeit und somit f\u00fcr mehr Sicherheit. Zudem setzen sie einen stilvollen Akzent und erweitern den Off-Road Style des Fahrzeugs.<br \/>\nAngebracht werden kann der LED-Scheinwerfer sowohl an 12V Fahrzeugen als auch an Landmaschinen, Nutzfahrzeugen, Wohn- und Gel\u00e4ndewagen sowie 4&#215;4-Fahrzeugen. Das Kraftpaket mit starken 5500 Lumen Leuchtkraft punktet mit h\u00f6chster optischer Effizienz und homogener Lichtverteilung bei reduziertem Blenden.<\/p>\n","protected":false},"excerpt":{"rendered":"<p>Mehr Fahrspa\u00df durch LED-Zusatzscheinwerfer Mehr Weitsicht auf dunklen Landstra\u00dfen und Waldwegen \u2013 daf\u00fcr sorgt die LEDriving Lightbar FX500-CB ohne Probleme. Mit seinen 20 kraftstrotzenden Hochleistungs-LEDs kommt der LED-Fernscheinwerfer auf eine Lichtdistanz von bis zu 440 Metern und bietet dem Fahrer somit erh\u00f6hte Sicherheit auf der Stra\u00dfe. Auch bei D\u00e4mmerlicht und eingeschr\u00e4nkten Sichtverh\u00e4ltnissen sorgt die LED-Bar [&hellip;]<\/p>\n","protected":false},"featured_media":1143,"comment_status":"open","ping_status":"closed","template":"","meta":[],"product_cat":[403,15,20],"product_tag":[386,387,380,381,377],"_links":{"self":[{"href":"https:\/\/shop.garagestyger.ch\/index.php?rest_route=\/wp\/v2\/product\/1142"}],"collection":[{"href":"https:\/\/shop.garagestyger.ch\/index.php?rest_route=\/wp\/v2\/product"}],"about":[{"href":"https:\/\/shop.garagestyger.ch\/index.php?rest_route=\/wp\/v2\/types\/product"}],"replies":[{"embeddable":true,"href":"https:\/\/shop.garagestyger.ch\/index.php?rest_route=%2Fwp%2Fv2%2Fcomments&post=1142"}],"wp:featuredmedia":[{"embeddable":true,"href":"https:\/\/shop.garagestyger.ch\/index.php?rest_route=\/wp\/v2\/media\/1143"}],"wp:attachment":[{"href":"https:\/\/shop.garagestyger.ch\/index.php?rest_route=%2Fwp%2Fv2%2Fmedia&parent=1142"}],"wp:term":[{"taxonomy":"product_cat","embeddable":true,"href":"https:\/\/shop.garagestyger.ch\/index.php?rest_route=%2Fwp%2Fv2%2Fproduct_cat&post=1142"},{"taxonomy":"product_tag","embeddable":true,"href":"https:\/\/shop.garagestyger.ch\/index.php?rest_route=%2Fwp%2Fv2%2Fproduct_tag&post=1142"}],"curies":[{"name":"wp","href":"https:\/\/api.w.org\/{rel}","templated":true}]}}